{"id":12775,"date":"2025-11-25T15:34:09","date_gmt":"2025-11-25T14:34:09","guid":{"rendered":"https:\/\/www.hirtenberg-apotheke.at\/katalog\/produkt\/apoforce-propolis-salbei-halstabletten-30-stk\/"},"modified":"2025-11-25T15:34:18","modified_gmt":"2025-11-25T14:34:18","slug":"apoforce-propolis-salbei-halstabletten-30-stk","status":"publish","type":"product","link":"https:\/\/www.hirtenberg-apotheke.at\/katalog\/produkt\/apoforce-propolis-salbei-halstabletten-30-stk\/","title":{"rendered":"Apoforce Propolis &#038; Salbei Halstabletten 30 Stk."},"content":{"rendered":"<p>Apoforce Propolis &#038; Salbei Halstabletten enthalten nat\u00fcrliche Extrakte aus Salbeibl\u00e4ttern und Propolis. Diese enthalten wohltuende und beruhigende Eigenschaften, die besonders bei Reizungen der Schleimh\u00e4ute in Hals und Rachen Abhilfe schaffen.<\/p>\n","protected":false},"excerpt":{"rendered":"<p>Apoforce Propolis &#038; Salbei Halstabletten enthalten nat\u00fcrliche Extrakte aus Salbeibl\u00e4ttern und Propolis. Diese enthalten wohltuende und beruhigende Eigenschaften, die besonders bei Reizungen der Schleimh\u00e4ute in Hals und Rachen Abhilfe schaffen.<\/p>\n","protected":false},"featured_media":12777,"template":"","meta":{"_acf_changed":false},"product_brand":[],"product_cat":[299],"product_tag":[],"class_list":{"0":"post-12775","1":"product","2":"type-product","3":"status-publish","4":"has-post-thumbnail","6":"product_cat-a","7":"pa_packungsgroesse-30-stueck","9":"first","10":"instock","11":"shipping-taxable","12":"purchasable","13":"product-type-simple"},"acf":[],"_links":{"self":[{"href":"https:\/\/www.hirtenberg-apotheke.at\/katalog\/wp-json\/wp\/v2\/product\/12775","targetHints":{"allow":["GET"]}}],"collection":[{"href":"https:\/\/www.hirtenberg-apotheke.at\/katalog\/wp-json\/wp\/v2\/product"}],"about":[{"href":"https:\/\/www.hirtenberg-apotheke.at\/katalog\/wp-json\/wp\/v2\/types\/product"}],"wp:featuredmedia":[{"embeddable":true,"href":"https:\/\/www.hirtenberg-apotheke.at\/katalog\/wp-json\/wp\/v2\/media\/12777"}],"wp:attachment":[{"href":"https:\/\/www.hirtenberg-apotheke.at\/katalog\/wp-json\/wp\/v2\/media?parent=12775"}],"wp:term":[{"taxonomy":"product_brand","embeddable":true,"href":"https:\/\/www.hirtenberg-apotheke.at\/katalog\/wp-json\/wp\/v2\/product_brand?post=12775"},{"taxonomy":"product_cat","embeddable":true,"href":"https:\/\/www.hirtenberg-apotheke.at\/katalog\/wp-json\/wp\/v2\/product_cat?post=12775"},{"taxonomy":"product_tag","embeddable":true,"href":"https:\/\/www.hirtenberg-apotheke.at\/katalog\/wp-json\/wp\/v2\/product_tag?post=12775"}],"curies":[{"name":"wp","href":"https:\/\/api.w.org\/{rel}","templated":true}]}}