{"id":12843,"date":"2025-11-25T15:34:48","date_gmt":"2025-11-25T14:34:48","guid":{"rendered":"https:\/\/www.hirtenberg-apotheke.at\/katalog\/produkt\/wick-vaporub-salbe\/"},"modified":"2025-11-25T15:35:24","modified_gmt":"2025-11-25T14:35:24","slug":"wick-vaporub-salbe","status":"publish","type":"product","link":"https:\/\/www.hirtenberg-apotheke.at\/katalog\/produkt\/wick-vaporub-salbe\/","title":{"rendered":"WICK VapoRub Salbe"},"content":{"rendered":"<p>Wick Vaporub Salbe ist ein pflanzliches Arzneimittel zur \u00e4u\u00dferlichen Anwendung bei Erk\u00e4ltungskrankheiten der oberen Atemwege wie Schnupfen, Heiserkeit und Husten. Die Salbe wird angewendet bei Erwachsenen, Jugendlichen und Kindern ab 2 Jahren.<\/p>\n","protected":false},"excerpt":{"rendered":"<p>Wick Vaporub Salbe ist ein pflanzliches Arzneimittel zur \u00e4u\u00dferlichen Anwendung bei Erk\u00e4ltungskrankheiten der oberen Atemwege wie Schnupfen, Heiserkeit und Husten. Die Salbe wird angewendet bei Erwachsenen, Jugendlichen und Kindern ab 2 Jahren.<\/p>\n","protected":false},"featured_media":12845,"template":"","meta":{"_acf_changed":false},"product_brand":[503],"product_cat":[368],"product_tag":[],"class_list":{"0":"post-12843","1":"product","2":"type-product","3":"status-publish","4":"has-post-thumbnail","6":"product_brand-wick","7":"product_cat-w","8":"pa_packungsgroesse-100g","9":"pa_packungsgroesse-50g","11":"first","12":"instock","13":"shipping-taxable","14":"purchasable","15":"product-type-simple"},"acf":[],"_links":{"self":[{"href":"https:\/\/www.hirtenberg-apotheke.at\/katalog\/wp-json\/wp\/v2\/product\/12843","targetHints":{"allow":["GET"]}}],"collection":[{"href":"https:\/\/www.hirtenberg-apotheke.at\/katalog\/wp-json\/wp\/v2\/product"}],"about":[{"href":"https:\/\/www.hirtenberg-apotheke.at\/katalog\/wp-json\/wp\/v2\/types\/product"}],"wp:featuredmedia":[{"embeddable":true,"href":"https:\/\/www.hirtenberg-apotheke.at\/katalog\/wp-json\/wp\/v2\/media\/12845"}],"wp:attachment":[{"href":"https:\/\/www.hirtenberg-apotheke.at\/katalog\/wp-json\/wp\/v2\/media?parent=12843"}],"wp:term":[{"taxonomy":"product_brand","embeddable":true,"href":"https:\/\/www.hirtenberg-apotheke.at\/katalog\/wp-json\/wp\/v2\/product_brand?post=12843"},{"taxonomy":"product_cat","embeddable":true,"href":"https:\/\/www.hirtenberg-apotheke.at\/katalog\/wp-json\/wp\/v2\/product_cat?post=12843"},{"taxonomy":"product_tag","embeddable":true,"href":"https:\/\/www.hirtenberg-apotheke.at\/katalog\/wp-json\/wp\/v2\/product_tag?post=12843"}],"curies":[{"name":"wp","href":"https:\/\/api.w.org\/{rel}","templated":true}]}}