{"id":130303,"date":"2025-12-04T17:34:28","date_gmt":"2025-12-04T16:34:28","guid":{"rendered":"https:\/\/www.hirtenberg-apotheke.at\/katalog\/produkt\/solgar-folat-400-%c2%b5g-tabletten-100-stk\/"},"modified":"2025-12-04T17:34:32","modified_gmt":"2025-12-04T16:34:32","slug":"solgar-folat-400-%c2%b5g-tabletten-100-stk","status":"publish","type":"product","link":"https:\/\/www.hirtenberg-apotheke.at\/katalog\/produkt\/solgar-folat-400-%c2%b5g-tabletten-100-stk\/","title":{"rendered":"Solgar Folat 400 \u00b5g Tabletten 100 Stk."},"content":{"rendered":"<p><strong>Hohe Bioverf\u00fcgbarkeit durch Metafolin\u00ae<\/strong><\/p>\n<p>&#13;<\/p>\n<p>Fols\u00e4ure tr\u00e4gt zum Wachstum des m\u00fctterlichen Gewebes w\u00e4hrend der Schwangerschaft und zur normalen Blut- sowie Zellbildung bei. Es unterst\u00fctzt die normale Funktion des Immunsystems und kann sogar M\u00fcdigkeit verringern. Als Vitamin B9 z\u00e4hlt sie zu den B-Vitaminen, die gemeinsam daf\u00fcr sorgen, dass Psyche und Geist harmonisch zusammenarbeiten. Besonders die Kombination mit Vitamin B6 und B3 ist wichtig \u2013 hat man davon zu wenig, kann nicht so viel Serotonin produziert werden.<\/p>\n<p>&#13;<\/p>\n<p>Solgar Folat enth\u00e4lt Metafolin\u00ae, die bereits aktivierte Form 5-MTHF, die auch auf nat\u00fcrliche Weise vorkommt und direkt bioverf\u00fcgbar ist.<\/p>\n<p>&#13;<\/p>\n<p><strong>Besonderheiten<\/strong><br \/>\u2212 Fols\u00e4ure als 5-MTHF<br \/>\u2212 hohe Bioverf\u00fcgbarkeit &amp; Bioaktivit\u00e4t<br \/>\u2212 vegan<\/p>\n<p>&#13;<\/p>\n<p><strong>Benefits<\/strong><br \/>Folat<br \/>\u2212 tr\u00e4gt zum Wachstum des m\u00fctterlichen Gewebes w\u00e4hrend der Schwangerschaft bei<br \/>\u2212 tr\u00e4gt zu einer normalen Aminos\u00e4urensynthese bei<br \/>\u2212 tr\u00e4gt zu einer normalen Blutbildung bei<br \/>\u2212 tr\u00e4gt zu einem normalen Homocystein-Stoffwechsel bei<br \/>\u2212 tr\u00e4gt zur normalen psychischen Funktion bei<br \/>\u2212 tr\u00e4gt zu einer normalen Funktion des Immunsystems bei<br \/>\u2212 tr\u00e4gt zur Verringerung von M\u00fcdigkeit und Erm\u00fcdung bei<br \/>\u2212 hat eine Funktion bei der Zellteilung<\/p>\n","protected":false},"excerpt":{"rendered":"<p>Hohe Bioverf\u00fcgbarkeit durch Metafolin\u00ae &#13; Fols\u00e4ure tr\u00e4gt zum Wachstum des m\u00fctterlichen Gewebes w\u00e4hrend der Schwangerschaft und zur normalen Blut- sowie Zellbildung bei. Es unterst\u00fctzt die normale Funktion des Immunsystems und kann sogar M\u00fcdigkeit verringern. Als Vitamin B9 z\u00e4hlt sie zu den B-Vitaminen, die gemeinsam daf\u00fcr sorgen, dass Psyche und Geist harmonisch zusammenarbeiten. Besonders die Kombination [&hellip;]<\/p>\n","protected":false},"featured_media":0,"template":"","meta":{"_acf_changed":false},"product_brand":[],"product_cat":[303],"product_tag":[],"class_list":{"0":"post-130303","1":"product","2":"type-product","3":"status-publish","5":"product_cat-s","6":"pa_packungsgroesse-100-stueck","8":"first","9":"instock","10":"shipping-taxable","11":"purchasable","12":"product-type-simple"},"acf":[],"_links":{"self":[{"href":"https:\/\/www.hirtenberg-apotheke.at\/katalog\/wp-json\/wp\/v2\/product\/130303","targetHints":{"allow":["GET"]}}],"collection":[{"href":"https:\/\/www.hirtenberg-apotheke.at\/katalog\/wp-json\/wp\/v2\/product"}],"about":[{"href":"https:\/\/www.hirtenberg-apotheke.at\/katalog\/wp-json\/wp\/v2\/types\/product"}],"wp:attachment":[{"href":"https:\/\/www.hirtenberg-apotheke.at\/katalog\/wp-json\/wp\/v2\/media?parent=130303"}],"wp:term":[{"taxonomy":"product_brand","embeddable":true,"href":"https:\/\/www.hirtenberg-apotheke.at\/katalog\/wp-json\/wp\/v2\/product_brand?post=130303"},{"taxonomy":"product_cat","embeddable":true,"href":"https:\/\/www.hirtenberg-apotheke.at\/katalog\/wp-json\/wp\/v2\/product_cat?post=130303"},{"taxonomy":"product_tag","embeddable":true,"href":"https:\/\/www.hirtenberg-apotheke.at\/katalog\/wp-json\/wp\/v2\/product_tag?post=130303"}],"curies":[{"name":"wp","href":"https:\/\/api.w.org\/{rel}","templated":true}]}}