{"id":130523,"date":"2025-12-04T17:40:25","date_gmt":"2025-12-04T16:40:25","guid":{"rendered":"https:\/\/www.hirtenberg-apotheke.at\/katalog\/produkt\/st-severin-tragantwurzel-tropfen\/"},"modified":"2025-12-04T17:40:37","modified_gmt":"2025-12-04T16:40:37","slug":"st-severin-tragantwurzel-tropfen","status":"publish","type":"product","link":"https:\/\/www.hirtenberg-apotheke.at\/katalog\/produkt\/st-severin-tragantwurzel-tropfen\/","title":{"rendered":"St. Severin Tragantwurzel Tropfen"},"content":{"rendered":"<p>Produktbeschreibung: Bei Bedarf 2 &#8211; 3 x 1 &#8211; 2 Spr\u00fchst\u00f6\u00dfe direkt in den Mund spr\u00fchen.Tragant ist bekannt aus der traditionellen chinesischen Medizin wo er vor allem Verwendung als St\u00e4rkungsmittel fi ndet. Verwendet werden kann die Wurzel dieser Pflanze als immunst\u00e4rkendes Mittel. Durch die m\u00f6gliche Stimulierung des Immunsystems findet die Wurzel Anwendung bei Erk\u00e4ltungskrankheiten, wiederkehrenden Infekten, schlecht heilenden Wunden und bei genereller Schw\u00e4che, darunter M\u00fcdigkeit, Ersch\u00f6pfung und Appetitlosigkeit.<\/p>\n<p>Zusammensetzung: Tragantwurzelspray enth\u00e4lt einen hochwertigen w\u00e4ssrig\/alkoholischen Auszug aus Tragantwurzel. Der Auszug wird nach Vorgaben des Arzneibuches im Verh\u00e4ltnis 1:5 hergestellt. Alkoholgehalt: 66 % Vol<\/p>\n","protected":false},"excerpt":{"rendered":"<p>Produktbeschreibung: Bei Bedarf 2 &#8211; 3 x 1 &#8211; 2 Spr\u00fchst\u00f6\u00dfe direkt in den Mund spr\u00fchen.Tragant ist bekannt aus der traditionellen chinesischen Medizin wo er vor allem Verwendung als St\u00e4rkungsmittel fi ndet. Verwendet werden kann die Wurzel dieser Pflanze als immunst\u00e4rkendes Mittel. Durch die m\u00f6gliche Stimulierung des Immunsystems findet die Wurzel Anwendung bei Erk\u00e4ltungskrankheiten, wiederkehrenden [&hellip;]<\/p>\n","protected":false},"featured_media":130525,"template":"","meta":{"_acf_changed":false},"product_brand":[411],"product_cat":[303],"product_tag":[],"class_list":{"0":"post-130523","1":"product","2":"type-product","3":"status-publish","4":"has-post-thumbnail","6":"product_brand-st-severin","7":"product_cat-s","8":"pa_packungsgroesse-100ml","10":"first","11":"instock","12":"shipping-taxable","13":"purchasable","14":"product-type-simple"},"acf":[],"_links":{"self":[{"href":"https:\/\/www.hirtenberg-apotheke.at\/katalog\/wp-json\/wp\/v2\/product\/130523","targetHints":{"allow":["GET"]}}],"collection":[{"href":"https:\/\/www.hirtenberg-apotheke.at\/katalog\/wp-json\/wp\/v2\/product"}],"about":[{"href":"https:\/\/www.hirtenberg-apotheke.at\/katalog\/wp-json\/wp\/v2\/types\/product"}],"wp:featuredmedia":[{"embeddable":true,"href":"https:\/\/www.hirtenberg-apotheke.at\/katalog\/wp-json\/wp\/v2\/media\/130525"}],"wp:attachment":[{"href":"https:\/\/www.hirtenberg-apotheke.at\/katalog\/wp-json\/wp\/v2\/media?parent=130523"}],"wp:term":[{"taxonomy":"product_brand","embeddable":true,"href":"https:\/\/www.hirtenberg-apotheke.at\/katalog\/wp-json\/wp\/v2\/product_brand?post=130523"},{"taxonomy":"product_cat","embeddable":true,"href":"https:\/\/www.hirtenberg-apotheke.at\/katalog\/wp-json\/wp\/v2\/product_cat?post=130523"},{"taxonomy":"product_tag","embeddable":true,"href":"https:\/\/www.hirtenberg-apotheke.at\/katalog\/wp-json\/wp\/v2\/product_tag?post=130523"}],"curies":[{"name":"wp","href":"https:\/\/api.w.org\/{rel}","templated":true}]}}