{"id":130915,"date":"2025-12-04T17:50:09","date_gmt":"2025-12-04T16:50:09","guid":{"rendered":"https:\/\/www.hirtenberg-apotheke.at\/katalog\/produkt\/st-severin-zistrosenkraut-tropfen\/"},"modified":"2025-12-04T17:50:20","modified_gmt":"2025-12-04T16:50:20","slug":"st-severin-zistrosenkraut-tropfen","status":"publish","type":"product","link":"https:\/\/www.hirtenberg-apotheke.at\/katalog\/produkt\/st-severin-zistrosenkraut-tropfen\/","title":{"rendered":"St. Severin Zistrosenkraut Tropfen"},"content":{"rendered":"<p>Produktbeschreibung:Bei Bedarf 2 &#8211; 3 x 1 &#8211; 2 Spr\u00fchst\u00f6\u00dfe direkt in den Mund spr\u00fchen.Trotz ihres Namens hat die Zistrose nichts mit den klassischen Rosengew\u00e4chsen zu tun. Die Zistrose hat jedoch eine besonders starke und vielf\u00e4ltige Heilkraft. Sie hat hohes antioxidatives Potential. Die Zistrose wird bei Durchfall, sowie Magen-Darmbeschwerden eingesetzt. Auch kann sie die Hautalterung positiv beeinflussen und m\u00fcde aussehende Haut zum Strahlen bringen.<\/p>\n<p>Zusammensetzung: Zistrosenkraut Spray enth\u00e4lt einen hochwertigen w\u00e4ssrig\/alkoholischen Auszug aus Zistrose im Verh\u00e4ltnis 1:5, hergestellt laut Arzneibuch. Alkoholgehalt: 66 % Vol<\/p>\n","protected":false},"excerpt":{"rendered":"<p>Produktbeschreibung:Bei Bedarf 2 &#8211; 3 x 1 &#8211; 2 Spr\u00fchst\u00f6\u00dfe direkt in den Mund spr\u00fchen.Trotz ihres Namens hat die Zistrose nichts mit den klassischen Rosengew\u00e4chsen zu tun. Die Zistrose hat jedoch eine besonders starke und vielf\u00e4ltige Heilkraft. Sie hat hohes antioxidatives Potential. Die Zistrose wird bei Durchfall, sowie Magen-Darmbeschwerden eingesetzt. Auch kann sie die Hautalterung [&hellip;]<\/p>\n","protected":false},"featured_media":130917,"template":"","meta":{"_acf_changed":false},"product_brand":[411],"product_cat":[303],"product_tag":[],"class_list":{"0":"post-130915","1":"product","2":"type-product","3":"status-publish","4":"has-post-thumbnail","6":"product_brand-st-severin","7":"product_cat-s","8":"pa_packungsgroesse-50ml","10":"first","11":"instock","12":"shipping-taxable","13":"purchasable","14":"product-type-simple"},"acf":[],"_links":{"self":[{"href":"https:\/\/www.hirtenberg-apotheke.at\/katalog\/wp-json\/wp\/v2\/product\/130915","targetHints":{"allow":["GET"]}}],"collection":[{"href":"https:\/\/www.hirtenberg-apotheke.at\/katalog\/wp-json\/wp\/v2\/product"}],"about":[{"href":"https:\/\/www.hirtenberg-apotheke.at\/katalog\/wp-json\/wp\/v2\/types\/product"}],"wp:featuredmedia":[{"embeddable":true,"href":"https:\/\/www.hirtenberg-apotheke.at\/katalog\/wp-json\/wp\/v2\/media\/130917"}],"wp:attachment":[{"href":"https:\/\/www.hirtenberg-apotheke.at\/katalog\/wp-json\/wp\/v2\/media?parent=130915"}],"wp:term":[{"taxonomy":"product_brand","embeddable":true,"href":"https:\/\/www.hirtenberg-apotheke.at\/katalog\/wp-json\/wp\/v2\/product_brand?post=130915"},{"taxonomy":"product_cat","embeddable":true,"href":"https:\/\/www.hirtenberg-apotheke.at\/katalog\/wp-json\/wp\/v2\/product_cat?post=130915"},{"taxonomy":"product_tag","embeddable":true,"href":"https:\/\/www.hirtenberg-apotheke.at\/katalog\/wp-json\/wp\/v2\/product_tag?post=130915"}],"curies":[{"name":"wp","href":"https:\/\/api.w.org\/{rel}","templated":true}]}}