{"id":131457,"date":"2025-12-04T19:07:26","date_gmt":"2025-12-04T18:07:26","guid":{"rendered":"https:\/\/www.hirtenberg-apotheke.at\/katalog\/produkt\/schlaf-tonikum-plus-dr-fischer\/"},"modified":"2025-12-04T19:07:29","modified_gmt":"2025-12-04T18:07:29","slug":"schlaf-tonikum-plus-dr-fischer","status":"publish","type":"product","link":"https:\/\/www.hirtenberg-apotheke.at\/katalog\/produkt\/schlaf-tonikum-plus-dr-fischer\/","title":{"rendered":"Schlaf-Tonikum plus Dr. Fischer"},"content":{"rendered":"<p>SCHLAF-TONIKUM PLUS Dr. Fischer ist ein Nahrungserg\u00e4nzungsmittel mit Melatonin, ausgew\u00e4hlten pflanzlichen Extrakten und Vitaminen.<\/p>\n<p>&#13;<\/p>\n<p><strong>Melatonin:<br \/><\/strong>Melatonin ist ein Hormon, das vom K\u00f6rper selbst produziert wird. Es steuert den Tag-Nacht-Rhythmus und wirkt schlaff\u00f6rdernd.<\/p>\n<p>&#13;<\/p>\n<p>\u00a0<\/p>\n<p>&#13;<\/p>\n<p>Melatonin tr\u00e4gt dazu bei, die Einschlafzeit zu verk\u00fcrzen sowie das subjektive Jetlag-Empfinden zu lindern.<\/p>\n<p>&#13;<\/p>\n<p>Die positive Wirkung stellt sich ein:<\/p>\n<p>&#13;<\/p>\n<p class=\"MsoNormal\" style=\"margin-left: 14.2pt; text-indent: -14.2pt;\"><span style=\"mso-ansi-language: DE;\">&#8211;<span style=\"mso-tab-count: 1;\">\u00a0\u00a0\u00a0 <\/span>wenn kurz vor dem Schlafengehen 1 mg Melatonin aufgenommen wird.<\/span><\/p>\n<p>&#13;<\/p>\n<p class=\"MsoNormal\" style=\"margin-left: 14.2pt; text-indent: -14.2pt;\"><span style=\"mso-ansi-language: DE;\">&#8211;<span style=\"mso-tab-count: 1;\">\u00a0\u00a0\u00a0 <\/span>bei einer Aufnahme von mindestens 0,5 mg Melatonin am ersten Reisetag kurz vor dem Schlafengehen sowie an den ersten Tagen nach Ankunft am Zielort.<\/span><\/p>\n<p>&#13;<\/p>\n<p class=\"MsoNormal\"><span style=\"mso-ansi-language: DE;\">\u00a0<\/span><\/p>\n<p>&#13;<\/p>\n<p class=\"MsoNormal\"><strong><span style=\"mso-ansi-language: DE;\">Hopfen, Passionsblume, Lavendel:<br \/><\/span><\/strong><span style=\"mso-ansi-language: DE;\">Hopfen und Passionsblume tragen zur Beruhigung bei und f\u00f6rdern so einen erholsamen Schlaf. Lavendel hilft Angespanntheit zu verringern.<\/span><\/p>\n<p>&#13;<\/p>\n<p class=\"MsoNormal\"><span style=\"mso-ansi-language: DE;\">\u00a0<\/span><\/p>\n<p>&#13;<\/p>\n<p class=\"MsoNormal\"><strong><span style=\"mso-ansi-language: DE;\">Vitamine:<br \/><\/span><\/strong><span style=\"mso-ansi-language: DE;\">Die Vitamine Thiamin (Vitamin B1) und Biotin (Vitamin H) tragen zu einer normalen Funktion des Nervensystems sowie einer normalen psychischen Funktion bei. <br \/>Vitamin E tr\u00e4gt dazu bei, die Zellen vor oxidativem Stress zu sch\u00fctzen.<\/span><\/p>\n","protected":false},"excerpt":{"rendered":"<p>SCHLAF-TONIKUM PLUS Dr. Fischer ist ein Nahrungserg\u00e4nzungsmittel mit Melatonin, ausgew\u00e4hlten pflanzlichen Extrakten und Vitaminen. &#13; Melatonin:Melatonin ist ein Hormon, das vom K\u00f6rper selbst produziert wird. Es steuert den Tag-Nacht-Rhythmus und wirkt schlaff\u00f6rdernd. &#13; \u00a0 &#13; Melatonin tr\u00e4gt dazu bei, die Einschlafzeit zu verk\u00fcrzen sowie das subjektive Jetlag-Empfinden zu lindern. &#13; Die positive Wirkung stellt sich [&hellip;]<\/p>\n","protected":false},"featured_media":0,"template":"","meta":{"_acf_changed":false},"product_brand":[],"product_cat":[303],"product_tag":[],"class_list":{"0":"post-131457","1":"product","2":"type-product","3":"status-publish","5":"product_cat-s","6":"pa_packungsgroesse-200ml","8":"first","9":"instock","10":"shipping-taxable","11":"purchasable","12":"product-type-simple"},"acf":[],"_links":{"self":[{"href":"https:\/\/www.hirtenberg-apotheke.at\/katalog\/wp-json\/wp\/v2\/product\/131457","targetHints":{"allow":["GET"]}}],"collection":[{"href":"https:\/\/www.hirtenberg-apotheke.at\/katalog\/wp-json\/wp\/v2\/product"}],"about":[{"href":"https:\/\/www.hirtenberg-apotheke.at\/katalog\/wp-json\/wp\/v2\/types\/product"}],"wp:attachment":[{"href":"https:\/\/www.hirtenberg-apotheke.at\/katalog\/wp-json\/wp\/v2\/media?parent=131457"}],"wp:term":[{"taxonomy":"product_brand","embeddable":true,"href":"https:\/\/www.hirtenberg-apotheke.at\/katalog\/wp-json\/wp\/v2\/product_brand?post=131457"},{"taxonomy":"product_cat","embeddable":true,"href":"https:\/\/www.hirtenberg-apotheke.at\/katalog\/wp-json\/wp\/v2\/product_cat?post=131457"},{"taxonomy":"product_tag","embeddable":true,"href":"https:\/\/www.hirtenberg-apotheke.at\/katalog\/wp-json\/wp\/v2\/product_tag?post=131457"}],"curies":[{"name":"wp","href":"https:\/\/api.w.org\/{rel}","templated":true}]}}