{"id":13316,"date":"2025-11-25T15:39:37","date_gmt":"2025-11-25T14:39:37","guid":{"rendered":"https:\/\/www.hirtenberg-apotheke.at\/katalog\/produkt\/defendyl-imunoglukan-p4h-kapseln-30-stk\/"},"modified":"2025-11-25T15:39:57","modified_gmt":"2025-11-25T14:39:57","slug":"defendyl-imunoglukan-p4h-kapseln-30-stk","status":"publish","type":"product","link":"https:\/\/www.hirtenberg-apotheke.at\/katalog\/produkt\/defendyl-imunoglukan-p4h-kapseln-30-stk\/","title":{"rendered":"Defendyl-Imunoglukan P4H Kapseln 30 Stk."},"content":{"rendered":"<p>Defendyl-Imunoglukan P4H Kapseln ist ein Nahrungserg\u00e4nzungsmittel mit Imunoglukan, Vitamin C und Zink. Es st\u00e4rkt die Abwehrkr\u00e4fte vor und w\u00e4hrend der Erk\u00e4ltungssaison und ist auch f\u00fcr mehrmonatige Verwendung ohne Unterbrechung geeignet.Imunoglukan ist ein nat\u00fcrlicher, bioaktiver Stoff, isoliert aus dem Austernpilz.Defendyl wirkt \u00fcber den Darm auf das Immunsystem, welches oft aufgrund von Stress, Ersch\u00f6pfung, h\u00e4ufiger Infektionen, Einnahme von Antibiotika oder langwieriger Krankheiten geschw\u00e4cht ist.F\u00fcr Erwachsene und Kinder ab 6 Jahren.Die DefendylProdukte sind f\u00fcr die ganze Familie, f\u00fcr Diabetiker und Vegetarier gut geeignet. Sie sind gluten- und laktosefrei.<\/p>\n","protected":false},"excerpt":{"rendered":"<p>Defendyl-Imunoglukan P4H Kapseln ist ein Nahrungserg\u00e4nzungsmittel mit Imunoglukan, Vitamin C und Zink. Es st\u00e4rkt die Abwehrkr\u00e4fte vor und w\u00e4hrend der Erk\u00e4ltungssaison und ist auch f\u00fcr mehrmonatige Verwendung ohne Unterbrechung geeignet.Imunoglukan ist ein nat\u00fcrlicher, bioaktiver Stoff, isoliert aus dem Austernpilz.Defendyl wirkt \u00fcber den Darm auf das Immunsystem, welches oft aufgrund von Stress, Ersch\u00f6pfung, h\u00e4ufiger Infektionen, Einnahme [&hellip;]<\/p>\n","protected":false},"featured_media":13318,"template":"","meta":{"_acf_changed":false},"product_brand":[],"product_cat":[295],"product_tag":[],"class_list":{"0":"post-13316","1":"product","2":"type-product","3":"status-publish","4":"has-post-thumbnail","6":"product_cat-d","7":"pa_packungsgroesse-30-stueck","9":"first","10":"instock","11":"shipping-taxable","12":"purchasable","13":"product-type-simple"},"acf":[],"_links":{"self":[{"href":"https:\/\/www.hirtenberg-apotheke.at\/katalog\/wp-json\/wp\/v2\/product\/13316","targetHints":{"allow":["GET"]}}],"collection":[{"href":"https:\/\/www.hirtenberg-apotheke.at\/katalog\/wp-json\/wp\/v2\/product"}],"about":[{"href":"https:\/\/www.hirtenberg-apotheke.at\/katalog\/wp-json\/wp\/v2\/types\/product"}],"wp:featuredmedia":[{"embeddable":true,"href":"https:\/\/www.hirtenberg-apotheke.at\/katalog\/wp-json\/wp\/v2\/media\/13318"}],"wp:attachment":[{"href":"https:\/\/www.hirtenberg-apotheke.at\/katalog\/wp-json\/wp\/v2\/media?parent=13316"}],"wp:term":[{"taxonomy":"product_brand","embeddable":true,"href":"https:\/\/www.hirtenberg-apotheke.at\/katalog\/wp-json\/wp\/v2\/product_brand?post=13316"},{"taxonomy":"product_cat","embeddable":true,"href":"https:\/\/www.hirtenberg-apotheke.at\/katalog\/wp-json\/wp\/v2\/product_cat?post=13316"},{"taxonomy":"product_tag","embeddable":true,"href":"https:\/\/www.hirtenberg-apotheke.at\/katalog\/wp-json\/wp\/v2\/product_tag?post=13316"}],"curies":[{"name":"wp","href":"https:\/\/api.w.org\/{rel}","templated":true}]}}