{"id":13332,"date":"2025-11-25T15:39:37","date_gmt":"2025-11-25T14:39:37","guid":{"rendered":"https:\/\/www.hirtenberg-apotheke.at\/katalog\/produkt\/echinaforce-tropfen-100-ml\/"},"modified":"2025-11-25T15:40:30","modified_gmt":"2025-11-25T14:40:30","slug":"echinaforce-tropfen-100-ml","status":"publish","type":"product","link":"https:\/\/www.hirtenberg-apotheke.at\/katalog\/produkt\/echinaforce-tropfen-100-ml\/","title":{"rendered":"Echinaforce Tropfen 100 ml"},"content":{"rendered":"<p>ECHINAFORCE\u00ae Tropfen eignen sich traditionsgem\u00e4ss bei Anf\u00e4lligkeit gegen\u00fcber Erk\u00e4ltungskrankheiten. Es beg\u00fcnstigt ferner den Heilungsprozess bei Erk\u00e4ltungskrankheiten.Dieses Produkt erhalten Sie in den Packungsgr\u00f6\u00dfen 50 ml und 100 ml.<\/p>\n","protected":false},"excerpt":{"rendered":"<p>ECHINAFORCE\u00ae Tropfen eignen sich traditionsgem\u00e4ss bei Anf\u00e4lligkeit gegen\u00fcber Erk\u00e4ltungskrankheiten. Es beg\u00fcnstigt ferner den Heilungsprozess bei Erk\u00e4ltungskrankheiten.Dieses Produkt erhalten Sie in den Packungsgr\u00f6\u00dfen 50 ml und 100 ml.<\/p>\n","protected":false},"featured_media":13334,"template":"","meta":{"_acf_changed":false},"product_brand":[],"product_cat":[307],"product_tag":[],"class_list":{"0":"post-13332","1":"product","2":"type-product","3":"status-publish","4":"has-post-thumbnail","6":"product_cat-e","7":"pa_packungsgroesse-100ml","8":"pa_packungsgroesse-50ml","10":"first","11":"instock","12":"shipping-taxable","13":"purchasable","14":"product-type-simple"},"acf":[],"_links":{"self":[{"href":"https:\/\/www.hirtenberg-apotheke.at\/katalog\/wp-json\/wp\/v2\/product\/13332","targetHints":{"allow":["GET"]}}],"collection":[{"href":"https:\/\/www.hirtenberg-apotheke.at\/katalog\/wp-json\/wp\/v2\/product"}],"about":[{"href":"https:\/\/www.hirtenberg-apotheke.at\/katalog\/wp-json\/wp\/v2\/types\/product"}],"wp:featuredmedia":[{"embeddable":true,"href":"https:\/\/www.hirtenberg-apotheke.at\/katalog\/wp-json\/wp\/v2\/media\/13334"}],"wp:attachment":[{"href":"https:\/\/www.hirtenberg-apotheke.at\/katalog\/wp-json\/wp\/v2\/media?parent=13332"}],"wp:term":[{"taxonomy":"product_brand","embeddable":true,"href":"https:\/\/www.hirtenberg-apotheke.at\/katalog\/wp-json\/wp\/v2\/product_brand?post=13332"},{"taxonomy":"product_cat","embeddable":true,"href":"https:\/\/www.hirtenberg-apotheke.at\/katalog\/wp-json\/wp\/v2\/product_cat?post=13332"},{"taxonomy":"product_tag","embeddable":true,"href":"https:\/\/www.hirtenberg-apotheke.at\/katalog\/wp-json\/wp\/v2\/product_tag?post=13332"}],"curies":[{"name":"wp","href":"https:\/\/api.w.org\/{rel}","templated":true}]}}