{"id":13565,"date":"2025-11-25T15:42:10","date_gmt":"2025-11-25T14:42:10","guid":{"rendered":"https:\/\/www.hirtenberg-apotheke.at\/katalog\/produkt\/luminox-tabletten-30-stk\/"},"modified":"2025-11-25T15:42:25","modified_gmt":"2025-11-25T14:42:25","slug":"luminox-tabletten-30-stk","status":"publish","type":"product","link":"https:\/\/www.hirtenberg-apotheke.at\/katalog\/produkt\/luminox-tabletten-30-stk\/","title":{"rendered":"Luminox Tabletten 30 Stk."},"content":{"rendered":"<p>Luminox Tabletten dienen zur di\u00e4tetischen Behandlung von Nacht- und D\u00e4mmerungssehschw\u00e4che. Nach der Einnahme von Luminox wird der Heidelbeerwirkstoff Anthocyane vom Organismus aufgenommen und an die Sehorgane weitergeleitet. In der Netzhaut entfaltet er seine positive Wirkung. So werden die Sehzellen gest\u00e4rkt und einer vorzeitigen Erm\u00fcdung des Auges vorgebeugt.<\/p>\n","protected":false},"excerpt":{"rendered":"<p>Luminox Tabletten dienen zur di\u00e4tetischen Behandlung von Nacht- und D\u00e4mmerungssehschw\u00e4che. Nach der Einnahme von Luminox wird der Heidelbeerwirkstoff Anthocyane vom Organismus aufgenommen und an die Sehorgane weitergeleitet. In der Netzhaut entfaltet er seine positive Wirkung. So werden die Sehzellen gest\u00e4rkt und einer vorzeitigen Erm\u00fcdung des Auges vorgebeugt.<\/p>\n","protected":false},"featured_media":13567,"template":"","meta":{"_acf_changed":false},"product_brand":[],"product_cat":[317],"product_tag":[],"class_list":{"0":"post-13565","1":"product","2":"type-product","3":"status-publish","4":"has-post-thumbnail","6":"product_cat-l","7":"pa_packungsgroesse-30-stueck","9":"first","10":"instock","11":"shipping-taxable","12":"purchasable","13":"product-type-simple"},"acf":[],"_links":{"self":[{"href":"https:\/\/www.hirtenberg-apotheke.at\/katalog\/wp-json\/wp\/v2\/product\/13565","targetHints":{"allow":["GET"]}}],"collection":[{"href":"https:\/\/www.hirtenberg-apotheke.at\/katalog\/wp-json\/wp\/v2\/product"}],"about":[{"href":"https:\/\/www.hirtenberg-apotheke.at\/katalog\/wp-json\/wp\/v2\/types\/product"}],"wp:featuredmedia":[{"embeddable":true,"href":"https:\/\/www.hirtenberg-apotheke.at\/katalog\/wp-json\/wp\/v2\/media\/13567"}],"wp:attachment":[{"href":"https:\/\/www.hirtenberg-apotheke.at\/katalog\/wp-json\/wp\/v2\/media?parent=13565"}],"wp:term":[{"taxonomy":"product_brand","embeddable":true,"href":"https:\/\/www.hirtenberg-apotheke.at\/katalog\/wp-json\/wp\/v2\/product_brand?post=13565"},{"taxonomy":"product_cat","embeddable":true,"href":"https:\/\/www.hirtenberg-apotheke.at\/katalog\/wp-json\/wp\/v2\/product_cat?post=13565"},{"taxonomy":"product_tag","embeddable":true,"href":"https:\/\/www.hirtenberg-apotheke.at\/katalog\/wp-json\/wp\/v2\/product_tag?post=13565"}],"curies":[{"name":"wp","href":"https:\/\/api.w.org\/{rel}","templated":true}]}}