{"id":13712,"date":"2025-11-25T15:43:52","date_gmt":"2025-11-25T14:43:52","guid":{"rendered":"https:\/\/www.hirtenberg-apotheke.at\/katalog\/produkt\/dynamsi-kolloidales-silizium-fluessig-250-ml\/"},"modified":"2025-11-25T15:43:57","modified_gmt":"2025-11-25T14:43:57","slug":"dynamsi-kolloidales-silizium-fluessig-250-ml","status":"publish","type":"product","link":"https:\/\/www.hirtenberg-apotheke.at\/katalog\/produkt\/dynamsi-kolloidales-silizium-fluessig-250-ml\/","title":{"rendered":"DynamSi Kolloidales Silizium fl\u00fcssig 250 ml"},"content":{"rendered":"<p>DynamSi Kolloidales Silizium fl\u00fcssig ist besonders bioverf\u00fcgbar und wird sehr gut aufgenommen. Ein bis zwei Teel\u00f6ffel t\u00e4glich reichen aus um den nat\u00fcrlichen Siliziumverlust zu ersetzen und vielen sichtbaren sowie unsichtbaren Alterungs- und Verschlei\u00dferscheinungen entgegenzuwirken.<\/p>\n","protected":false},"excerpt":{"rendered":"<p>DynamSi Kolloidales Silizium fl\u00fcssig ist besonders bioverf\u00fcgbar und wird sehr gut aufgenommen. Ein bis zwei Teel\u00f6ffel t\u00e4glich reichen aus um den nat\u00fcrlichen Siliziumverlust zu ersetzen und vielen sichtbaren sowie unsichtbaren Alterungs- und Verschlei\u00dferscheinungen entgegenzuwirken.<\/p>\n","protected":false},"featured_media":13714,"template":"","meta":{"_acf_changed":false},"product_brand":[],"product_cat":[295],"product_tag":[],"class_list":{"0":"post-13712","1":"product","2":"type-product","3":"status-publish","4":"has-post-thumbnail","6":"product_cat-d","7":"pa_packungsgroesse-250ml","9":"first","10":"instock","11":"shipping-taxable","12":"purchasable","13":"product-type-simple"},"acf":[],"_links":{"self":[{"href":"https:\/\/www.hirtenberg-apotheke.at\/katalog\/wp-json\/wp\/v2\/product\/13712","targetHints":{"allow":["GET"]}}],"collection":[{"href":"https:\/\/www.hirtenberg-apotheke.at\/katalog\/wp-json\/wp\/v2\/product"}],"about":[{"href":"https:\/\/www.hirtenberg-apotheke.at\/katalog\/wp-json\/wp\/v2\/types\/product"}],"wp:featuredmedia":[{"embeddable":true,"href":"https:\/\/www.hirtenberg-apotheke.at\/katalog\/wp-json\/wp\/v2\/media\/13714"}],"wp:attachment":[{"href":"https:\/\/www.hirtenberg-apotheke.at\/katalog\/wp-json\/wp\/v2\/media?parent=13712"}],"wp:term":[{"taxonomy":"product_brand","embeddable":true,"href":"https:\/\/www.hirtenberg-apotheke.at\/katalog\/wp-json\/wp\/v2\/product_brand?post=13712"},{"taxonomy":"product_cat","embeddable":true,"href":"https:\/\/www.hirtenberg-apotheke.at\/katalog\/wp-json\/wp\/v2\/product_cat?post=13712"},{"taxonomy":"product_tag","embeddable":true,"href":"https:\/\/www.hirtenberg-apotheke.at\/katalog\/wp-json\/wp\/v2\/product_tag?post=13712"}],"curies":[{"name":"wp","href":"https:\/\/api.w.org\/{rel}","templated":true}]}}