{"id":14270,"date":"2025-11-25T15:49:02","date_gmt":"2025-11-25T14:49:02","guid":{"rendered":"https:\/\/www.hirtenberg-apotheke.at\/katalog\/produkt\/ratiosoft-01-nasenspray-10-ml\/"},"modified":"2025-11-25T15:49:09","modified_gmt":"2025-11-25T14:49:09","slug":"ratiosoft-01-nasenspray-10-ml","status":"publish","type":"product","link":"https:\/\/www.hirtenberg-apotheke.at\/katalog\/produkt\/ratiosoft-01-nasenspray-10-ml\/","title":{"rendered":"RatioSoft 0,1 % Nasenspray 10 ml"},"content":{"rendered":"<p>RatioSoft 0,1 % Nasenspray enth\u00e4lt besonders zusammengestellte Inhaltsstoffe, die daf\u00fcr sorgen, dass betroffene Schleimh\u00e4ute in Nase und Rachen abschwellen. Durch das Zusammenziehen der Blutgef\u00e4\u00dfe wird die Nasenatmung erleichtert und jede Erk\u00e4ltung ertr\u00e4glicher.<\/p>\n","protected":false},"excerpt":{"rendered":"<p>RatioSoft 0,1 % Nasenspray enth\u00e4lt besonders zusammengestellte Inhaltsstoffe, die daf\u00fcr sorgen, dass betroffene Schleimh\u00e4ute in Nase und Rachen abschwellen. Durch das Zusammenziehen der Blutgef\u00e4\u00dfe wird die Nasenatmung erleichtert und jede Erk\u00e4ltung ertr\u00e4glicher.<\/p>\n","protected":false},"featured_media":0,"template":"","meta":{"_acf_changed":false},"product_brand":[339],"product_cat":[311],"product_tag":[],"class_list":{"0":"post-14270","1":"product","2":"type-product","3":"status-publish","5":"product_brand-ratiopharm","6":"product_cat-r","7":"pa_packungsgroesse-10ml","9":"first","10":"instock","11":"shipping-taxable","12":"purchasable","13":"product-type-simple"},"acf":[],"_links":{"self":[{"href":"https:\/\/www.hirtenberg-apotheke.at\/katalog\/wp-json\/wp\/v2\/product\/14270","targetHints":{"allow":["GET"]}}],"collection":[{"href":"https:\/\/www.hirtenberg-apotheke.at\/katalog\/wp-json\/wp\/v2\/product"}],"about":[{"href":"https:\/\/www.hirtenberg-apotheke.at\/katalog\/wp-json\/wp\/v2\/types\/product"}],"wp:attachment":[{"href":"https:\/\/www.hirtenberg-apotheke.at\/katalog\/wp-json\/wp\/v2\/media?parent=14270"}],"wp:term":[{"taxonomy":"product_brand","embeddable":true,"href":"https:\/\/www.hirtenberg-apotheke.at\/katalog\/wp-json\/wp\/v2\/product_brand?post=14270"},{"taxonomy":"product_cat","embeddable":true,"href":"https:\/\/www.hirtenberg-apotheke.at\/katalog\/wp-json\/wp\/v2\/product_cat?post=14270"},{"taxonomy":"product_tag","embeddable":true,"href":"https:\/\/www.hirtenberg-apotheke.at\/katalog\/wp-json\/wp\/v2\/product_tag?post=14270"}],"curies":[{"name":"wp","href":"https:\/\/api.w.org\/{rel}","templated":true}]}}