{"id":14367,"date":"2025-11-25T15:50:08","date_gmt":"2025-11-25T14:50:08","guid":{"rendered":"https:\/\/www.hirtenberg-apotheke.at\/katalog\/produkt\/nasic-fuer-kinder-nasenspray-10-ml\/"},"modified":"2025-11-25T15:50:12","modified_gmt":"2025-11-25T14:50:12","slug":"nasic-fuer-kinder-nasenspray-10-ml","status":"publish","type":"product","link":"https:\/\/www.hirtenberg-apotheke.at\/katalog\/produkt\/nasic-fuer-kinder-nasenspray-10-ml\/","title":{"rendered":"Nasic f\u00fcr Kinder Nasenspray 10 ml"},"content":{"rendered":"<p>Nasic f\u00fcr Kinder Nasenspray bieten eine besonders schonende Behandlung f\u00fcr ohnehin schon empfindliche Nasenschleimh\u00e4ute von Kindern. Der Spray von nasic f\u00fcr Kinder befreit nicht nur die Nase, sondern unterst\u00fctzt zus\u00e4tzlich effektiv die Heilung der empfindlichen Schleimh\u00e4ute. Auch Aufgrund seines speziellen Spr\u00fchkopfes ist nasic f\u00fcr Kinder besonders f\u00fcr kleine Schnupfennasen geeignet.<\/p>\n","protected":false},"excerpt":{"rendered":"<p>Nasic f\u00fcr Kinder Nasenspray bieten eine besonders schonende Behandlung f\u00fcr ohnehin schon empfindliche Nasenschleimh\u00e4ute von Kindern. Der Spray von nasic f\u00fcr Kinder befreit nicht nur die Nase, sondern unterst\u00fctzt zus\u00e4tzlich effektiv die Heilung der empfindlichen Schleimh\u00e4ute. Auch Aufgrund seines speziellen Spr\u00fchkopfes ist nasic f\u00fcr Kinder besonders f\u00fcr kleine Schnupfennasen geeignet.<\/p>\n","protected":false},"featured_media":14369,"template":"","meta":{"_acf_changed":false},"product_brand":[],"product_cat":[310],"product_tag":[],"class_list":{"0":"post-14367","1":"product","2":"type-product","3":"status-publish","4":"has-post-thumbnail","6":"product_cat-n","7":"pa_farbe-klare-farblose-loesung","8":"pa_packungsgroesse-10ml","10":"first","11":"instock","12":"shipping-taxable","13":"purchasable","14":"product-type-simple"},"acf":[],"_links":{"self":[{"href":"https:\/\/www.hirtenberg-apotheke.at\/katalog\/wp-json\/wp\/v2\/product\/14367","targetHints":{"allow":["GET"]}}],"collection":[{"href":"https:\/\/www.hirtenberg-apotheke.at\/katalog\/wp-json\/wp\/v2\/product"}],"about":[{"href":"https:\/\/www.hirtenberg-apotheke.at\/katalog\/wp-json\/wp\/v2\/types\/product"}],"wp:featuredmedia":[{"embeddable":true,"href":"https:\/\/www.hirtenberg-apotheke.at\/katalog\/wp-json\/wp\/v2\/media\/14369"}],"wp:attachment":[{"href":"https:\/\/www.hirtenberg-apotheke.at\/katalog\/wp-json\/wp\/v2\/media?parent=14367"}],"wp:term":[{"taxonomy":"product_brand","embeddable":true,"href":"https:\/\/www.hirtenberg-apotheke.at\/katalog\/wp-json\/wp\/v2\/product_brand?post=14367"},{"taxonomy":"product_cat","embeddable":true,"href":"https:\/\/www.hirtenberg-apotheke.at\/katalog\/wp-json\/wp\/v2\/product_cat?post=14367"},{"taxonomy":"product_tag","embeddable":true,"href":"https:\/\/www.hirtenberg-apotheke.at\/katalog\/wp-json\/wp\/v2\/product_tag?post=14367"}],"curies":[{"name":"wp","href":"https:\/\/api.w.org\/{rel}","templated":true}]}}