{"id":14506,"date":"2025-11-25T15:51:34","date_gmt":"2025-11-25T14:51:34","guid":{"rendered":"https:\/\/www.hirtenberg-apotheke.at\/katalog\/produkt\/sinomarin-nasenspray-kinder-50-ml\/"},"modified":"2025-11-25T15:51:45","modified_gmt":"2025-11-25T14:51:45","slug":"sinomarin-nasenspray-kinder-50-ml","status":"publish","type":"product","link":"https:\/\/www.hirtenberg-apotheke.at\/katalog\/produkt\/sinomarin-nasenspray-kinder-50-ml\/","title":{"rendered":"SINOMARIN Nasenspray Kinder 50 ML"},"content":{"rendered":"<p>Sinomarin\u00ae ist ein 100 % nat\u00fcrliches, klinisch getestetes abschwellendes Nasenspray. Es enth\u00e4lt eine hypertonische Meerwasserl\u00f6sung mit einer patentierten Konzentration von 2,3 % Natriumchlorid (NaCl) und l\u00e4sst durch den nat\u00fcrlichen Effekt der Osmose die Nasenschleimh\u00e4ute abschwellen. Festsitzender Schleim wird verfl\u00fcssigt und abtransportiert, die Nasenh\u00f6hlen werden gereinigt und befeuchtet.<\/p>\n","protected":false},"excerpt":{"rendered":"<p>Sinomarin\u00ae ist ein 100 % nat\u00fcrliches, klinisch getestetes abschwellendes Nasenspray. Es enth\u00e4lt eine hypertonische Meerwasserl\u00f6sung mit einer patentierten Konzentration von 2,3 % Natriumchlorid (NaCl) und l\u00e4sst durch den nat\u00fcrlichen Effekt der Osmose die Nasenschleimh\u00e4ute abschwellen. Festsitzender Schleim wird verfl\u00fcssigt und abtransportiert, die Nasenh\u00f6hlen werden gereinigt und befeuchtet.<\/p>\n","protected":false},"featured_media":0,"template":"","meta":{"_acf_changed":false},"product_brand":[],"product_cat":[303],"product_tag":[],"class_list":{"0":"post-14506","1":"product","2":"type-product","3":"status-publish","5":"product_cat-s","6":"pa_packungsgroesse-50ml","8":"first","9":"instock","10":"shipping-taxable","11":"purchasable","12":"product-type-simple"},"acf":[],"_links":{"self":[{"href":"https:\/\/www.hirtenberg-apotheke.at\/katalog\/wp-json\/wp\/v2\/product\/14506","targetHints":{"allow":["GET"]}}],"collection":[{"href":"https:\/\/www.hirtenberg-apotheke.at\/katalog\/wp-json\/wp\/v2\/product"}],"about":[{"href":"https:\/\/www.hirtenberg-apotheke.at\/katalog\/wp-json\/wp\/v2\/types\/product"}],"wp:attachment":[{"href":"https:\/\/www.hirtenberg-apotheke.at\/katalog\/wp-json\/wp\/v2\/media?parent=14506"}],"wp:term":[{"taxonomy":"product_brand","embeddable":true,"href":"https:\/\/www.hirtenberg-apotheke.at\/katalog\/wp-json\/wp\/v2\/product_brand?post=14506"},{"taxonomy":"product_cat","embeddable":true,"href":"https:\/\/www.hirtenberg-apotheke.at\/katalog\/wp-json\/wp\/v2\/product_cat?post=14506"},{"taxonomy":"product_tag","embeddable":true,"href":"https:\/\/www.hirtenberg-apotheke.at\/katalog\/wp-json\/wp\/v2\/product_tag?post=14506"}],"curies":[{"name":"wp","href":"https:\/\/api.w.org\/{rel}","templated":true}]}}