{"id":14733,"date":"2025-11-25T15:54:10","date_gmt":"2025-11-25T14:54:10","guid":{"rendered":"https:\/\/www.hirtenberg-apotheke.at\/katalog\/produkt\/getinshape-bodyshape-tabletten-30-stk\/"},"modified":"2025-11-25T15:54:20","modified_gmt":"2025-11-25T14:54:20","slug":"getinshape-bodyshape-tabletten-30-stk","status":"publish","type":"product","link":"https:\/\/www.hirtenberg-apotheke.at\/katalog\/produkt\/getinshape-bodyshape-tabletten-30-stk\/","title":{"rendered":"Getinshape Bodyshape Tabletten 30 Stk."},"content":{"rendered":"<p>Getinshape Bodyshape Tabletten bringen den Stoffwechsel auf Touren und reduzieren das Hungergef\u00fchl. Au\u00dferdem unterst\u00fctzen sie die Fettverbrennung und eignen sich daher als unterst\u00fctzende Hilfe beim Abnehmen. Um Ersch\u00f6pfung und schlechte Laune zu verhindern und den K\u00f6rper zu jeder Tageszeit optimal zu unterst\u00fctzen, wurde die 24 Stunden Formel entwickelt &#8211; jetzt online besstellen > durch GRATIS Lieferung* bares Geld sparen!<\/p>\n","protected":false},"excerpt":{"rendered":"<p>Getinshape Bodyshape Tabletten bringen den Stoffwechsel auf Touren und reduzieren das Hungergef\u00fchl. Au\u00dferdem unterst\u00fctzen sie die Fettverbrennung und eignen sich daher als unterst\u00fctzende Hilfe beim Abnehmen. Um Ersch\u00f6pfung und schlechte Laune zu verhindern und den K\u00f6rper zu jeder Tageszeit optimal zu unterst\u00fctzen, wurde die 24 Stunden Formel entwickelt &#8211; jetzt online besstellen > durch GRATIS [&hellip;]<\/p>\n","protected":false},"featured_media":14735,"template":"","meta":{"_acf_changed":false},"product_brand":[],"product_cat":[328],"product_tag":[],"class_list":{"0":"post-14733","1":"product","2":"type-product","3":"status-publish","4":"has-post-thumbnail","6":"product_cat-g","7":"pa_packungsgroesse-30-stueck","9":"first","10":"instock","11":"shipping-taxable","12":"purchasable","13":"product-type-simple"},"acf":[],"_links":{"self":[{"href":"https:\/\/www.hirtenberg-apotheke.at\/katalog\/wp-json\/wp\/v2\/product\/14733","targetHints":{"allow":["GET"]}}],"collection":[{"href":"https:\/\/www.hirtenberg-apotheke.at\/katalog\/wp-json\/wp\/v2\/product"}],"about":[{"href":"https:\/\/www.hirtenberg-apotheke.at\/katalog\/wp-json\/wp\/v2\/types\/product"}],"wp:featuredmedia":[{"embeddable":true,"href":"https:\/\/www.hirtenberg-apotheke.at\/katalog\/wp-json\/wp\/v2\/media\/14735"}],"wp:attachment":[{"href":"https:\/\/www.hirtenberg-apotheke.at\/katalog\/wp-json\/wp\/v2\/media?parent=14733"}],"wp:term":[{"taxonomy":"product_brand","embeddable":true,"href":"https:\/\/www.hirtenberg-apotheke.at\/katalog\/wp-json\/wp\/v2\/product_brand?post=14733"},{"taxonomy":"product_cat","embeddable":true,"href":"https:\/\/www.hirtenberg-apotheke.at\/katalog\/wp-json\/wp\/v2\/product_cat?post=14733"},{"taxonomy":"product_tag","embeddable":true,"href":"https:\/\/www.hirtenberg-apotheke.at\/katalog\/wp-json\/wp\/v2\/product_tag?post=14733"}],"curies":[{"name":"wp","href":"https:\/\/api.w.org\/{rel}","templated":true}]}}