{"id":14853,"date":"2025-11-25T15:55:19","date_gmt":"2025-11-25T14:55:19","guid":{"rendered":"https:\/\/www.hirtenberg-apotheke.at\/katalog\/produkt\/chitosan-kapseln\/"},"modified":"2025-11-25T15:55:34","modified_gmt":"2025-11-25T14:55:34","slug":"chitosan-kapseln","status":"publish","type":"product","link":"https:\/\/www.hirtenberg-apotheke.at\/katalog\/produkt\/chitosan-kapseln\/","title":{"rendered":"Chitosan Kapseln"},"content":{"rendered":"<p>Gall Pharma Chitosan Kapseln k\u00f6nnen die Fettaufnahme im Magen-Darm-Trakt reduzieren. \u00dcbersch\u00fcssige Fettmolek\u00fcle werden gebunden und ausgeschieden, bevor diese resorbiert werden k\u00f6nnen. Zus\u00e4tzlich kann Chitosan helfen, Verstopfungen vorzubeugen und besitzt au\u00dferdem s\u00e4urebindende Eigenschaften.<\/p>\n","protected":false},"excerpt":{"rendered":"<p>Gall Pharma Chitosan Kapseln k\u00f6nnen die Fettaufnahme im Magen-Darm-Trakt reduzieren. \u00dcbersch\u00fcssige Fettmolek\u00fcle werden gebunden und ausgeschieden, bevor diese resorbiert werden k\u00f6nnen. Zus\u00e4tzlich kann Chitosan helfen, Verstopfungen vorzubeugen und besitzt au\u00dferdem s\u00e4urebindende Eigenschaften.<\/p>\n","protected":false},"featured_media":0,"template":"","meta":{"_acf_changed":false},"product_brand":[316],"product_cat":[337],"product_tag":[],"class_list":{"0":"post-14853","1":"product","2":"type-product","3":"status-publish","5":"product_brand-gall-pharma","6":"product_cat-c","7":"pa_packungsgroesse-60-stueck","9":"first","10":"instock","11":"shipping-taxable","12":"purchasable","13":"product-type-simple"},"acf":[],"_links":{"self":[{"href":"https:\/\/www.hirtenberg-apotheke.at\/katalog\/wp-json\/wp\/v2\/product\/14853","targetHints":{"allow":["GET"]}}],"collection":[{"href":"https:\/\/www.hirtenberg-apotheke.at\/katalog\/wp-json\/wp\/v2\/product"}],"about":[{"href":"https:\/\/www.hirtenberg-apotheke.at\/katalog\/wp-json\/wp\/v2\/types\/product"}],"wp:attachment":[{"href":"https:\/\/www.hirtenberg-apotheke.at\/katalog\/wp-json\/wp\/v2\/media?parent=14853"}],"wp:term":[{"taxonomy":"product_brand","embeddable":true,"href":"https:\/\/www.hirtenberg-apotheke.at\/katalog\/wp-json\/wp\/v2\/product_brand?post=14853"},{"taxonomy":"product_cat","embeddable":true,"href":"https:\/\/www.hirtenberg-apotheke.at\/katalog\/wp-json\/wp\/v2\/product_cat?post=14853"},{"taxonomy":"product_tag","embeddable":true,"href":"https:\/\/www.hirtenberg-apotheke.at\/katalog\/wp-json\/wp\/v2\/product_tag?post=14853"}],"curies":[{"name":"wp","href":"https:\/\/api.w.org\/{rel}","templated":true}]}}