{"id":14887,"date":"2025-11-25T15:55:49","date_gmt":"2025-11-25T14:55:49","guid":{"rendered":"https:\/\/www.hirtenberg-apotheke.at\/katalog\/produkt\/life-light-najara-vegan-shake-500-g\/"},"modified":"2025-11-25T15:55:54","modified_gmt":"2025-11-25T14:55:54","slug":"life-light-najara-vegan-shake-500-g","status":"publish","type":"product","link":"https:\/\/www.hirtenberg-apotheke.at\/katalog\/produkt\/life-light-najara-vegan-shake-500-g\/","title":{"rendered":"Life Light Najara vegan Shake 500 g"},"content":{"rendered":"<p>Life Light Najara vegan Shake ist ideal f\u00fcr eine kalorienarme Ern\u00e4hrung zur Gewichtsverringerung und begleitend zu di\u00e4tetischen Anwendungen. Die besondere N\u00e4hrstoffzusammensetzung ist geeignet, um eine Mahlzeit zu ersetzen.<\/p>\n","protected":false},"excerpt":{"rendered":"<p>Life Light Najara vegan Shake ist ideal f\u00fcr eine kalorienarme Ern\u00e4hrung zur Gewichtsverringerung und begleitend zu di\u00e4tetischen Anwendungen. Die besondere N\u00e4hrstoffzusammensetzung ist geeignet, um eine Mahlzeit zu ersetzen.<\/p>\n","protected":false},"featured_media":0,"template":"","meta":{"_acf_changed":false},"product_brand":[],"product_cat":[317],"product_tag":[],"class_list":{"0":"post-14887","1":"product","2":"type-product","3":"status-publish","5":"product_cat-l","6":"pa_packungsgroesse-500g","8":"first","9":"instock","10":"shipping-taxable","11":"purchasable","12":"product-type-simple"},"acf":[],"_links":{"self":[{"href":"https:\/\/www.hirtenberg-apotheke.at\/katalog\/wp-json\/wp\/v2\/product\/14887","targetHints":{"allow":["GET"]}}],"collection":[{"href":"https:\/\/www.hirtenberg-apotheke.at\/katalog\/wp-json\/wp\/v2\/product"}],"about":[{"href":"https:\/\/www.hirtenberg-apotheke.at\/katalog\/wp-json\/wp\/v2\/types\/product"}],"wp:attachment":[{"href":"https:\/\/www.hirtenberg-apotheke.at\/katalog\/wp-json\/wp\/v2\/media?parent=14887"}],"wp:term":[{"taxonomy":"product_brand","embeddable":true,"href":"https:\/\/www.hirtenberg-apotheke.at\/katalog\/wp-json\/wp\/v2\/product_brand?post=14887"},{"taxonomy":"product_cat","embeddable":true,"href":"https:\/\/www.hirtenberg-apotheke.at\/katalog\/wp-json\/wp\/v2\/product_cat?post=14887"},{"taxonomy":"product_tag","embeddable":true,"href":"https:\/\/www.hirtenberg-apotheke.at\/katalog\/wp-json\/wp\/v2\/product_tag?post=14887"}],"curies":[{"name":"wp","href":"https:\/\/api.w.org\/{rel}","templated":true}]}}