{"id":15047,"date":"2025-11-25T15:57:36","date_gmt":"2025-11-25T14:57:36","guid":{"rendered":"https:\/\/www.hirtenberg-apotheke.at\/katalog\/produkt\/minoxidil-bio-h-tin-20-mg-ml-60-ml\/"},"modified":"2025-11-25T15:57:44","modified_gmt":"2025-11-25T14:57:44","slug":"minoxidil-bio-h-tin-20-mg-ml-60-ml","status":"publish","type":"product","link":"https:\/\/www.hirtenberg-apotheke.at\/katalog\/produkt\/minoxidil-bio-h-tin-20-mg-ml-60-ml\/","title":{"rendered":"Minoxidil Bio-h-tin 20 mg\/ml 60 ml"},"content":{"rendered":"<p>Minoxidil Bio-h-tin bietet Hilfe bei erblich bedingtem Haarausfall. Dieses hochwirksame Produkt f\u00f6rdert das Nachwachsen der Haare an gelichteten Stellen und unterst\u00fctzt zudem das Wachstum neuer, dickerer und kr\u00e4ftigerer Haare. Besonders gute Erfolge erzielen Sie, wenn Sie bereits fr\u00fchzeitig mit der Therapie beginnen.<\/p>\n","protected":false},"excerpt":{"rendered":"<p>Minoxidil Bio-h-tin bietet Hilfe bei erblich bedingtem Haarausfall. Dieses hochwirksame Produkt f\u00f6rdert das Nachwachsen der Haare an gelichteten Stellen und unterst\u00fctzt zudem das Wachstum neuer, dickerer und kr\u00e4ftigerer Haare. Besonders gute Erfolge erzielen Sie, wenn Sie bereits fr\u00fchzeitig mit der Therapie beginnen.<\/p>\n","protected":false},"featured_media":15049,"template":"","meta":{"_acf_changed":false},"product_brand":[624],"product_cat":[308],"product_tag":[],"class_list":{"0":"post-15047","1":"product","2":"type-product","3":"status-publish","4":"has-post-thumbnail","6":"product_brand-bio-h-tin","7":"product_cat-m","8":"pa_packungsgroesse-60ml","10":"first","11":"instock","12":"shipping-taxable","13":"purchasable","14":"product-type-simple"},"acf":[],"_links":{"self":[{"href":"https:\/\/www.hirtenberg-apotheke.at\/katalog\/wp-json\/wp\/v2\/product\/15047","targetHints":{"allow":["GET"]}}],"collection":[{"href":"https:\/\/www.hirtenberg-apotheke.at\/katalog\/wp-json\/wp\/v2\/product"}],"about":[{"href":"https:\/\/www.hirtenberg-apotheke.at\/katalog\/wp-json\/wp\/v2\/types\/product"}],"wp:featuredmedia":[{"embeddable":true,"href":"https:\/\/www.hirtenberg-apotheke.at\/katalog\/wp-json\/wp\/v2\/media\/15049"}],"wp:attachment":[{"href":"https:\/\/www.hirtenberg-apotheke.at\/katalog\/wp-json\/wp\/v2\/media?parent=15047"}],"wp:term":[{"taxonomy":"product_brand","embeddable":true,"href":"https:\/\/www.hirtenberg-apotheke.at\/katalog\/wp-json\/wp\/v2\/product_brand?post=15047"},{"taxonomy":"product_cat","embeddable":true,"href":"https:\/\/www.hirtenberg-apotheke.at\/katalog\/wp-json\/wp\/v2\/product_cat?post=15047"},{"taxonomy":"product_tag","embeddable":true,"href":"https:\/\/www.hirtenberg-apotheke.at\/katalog\/wp-json\/wp\/v2\/product_tag?post=15047"}],"curies":[{"name":"wp","href":"https:\/\/api.w.org\/{rel}","templated":true}]}}