{"id":15097,"date":"2025-11-25T15:58:10","date_gmt":"2025-11-25T14:58:10","guid":{"rendered":"https:\/\/www.hirtenberg-apotheke.at\/katalog\/produkt\/curatin-tabletten-5-mg\/"},"modified":"2025-11-25T15:58:23","modified_gmt":"2025-11-25T14:58:23","slug":"curatin-tabletten-5-mg","status":"publish","type":"product","link":"https:\/\/www.hirtenberg-apotheke.at\/katalog\/produkt\/curatin-tabletten-5-mg\/","title":{"rendered":"Curatin Tabletten 5 mg"},"content":{"rendered":"<p>Curatin Tabletten sind ein Vitaminpr\u00e4parat mit der Wirkstoff Biotin, auch als Vitamin B7 oder Vitamin H bezeichnet. Dieses ein wasserl\u00f6sliche Vitamin geh\u00f6rt zu den Vitaminen der B-Gruppe und kann in der Darmflora gebildet und zus\u00e4tzlich \u00fcber die Nahrung aufgenommen werden. Biotin spielt eine wichtige Rolle bei Stoffwechselprozessen.<\/p>\n","protected":false},"excerpt":{"rendered":"<p>Curatin Tabletten sind ein Vitaminpr\u00e4parat mit der Wirkstoff Biotin, auch als Vitamin B7 oder Vitamin H bezeichnet. Dieses ein wasserl\u00f6sliche Vitamin geh\u00f6rt zu den Vitaminen der B-Gruppe und kann in der Darmflora gebildet und zus\u00e4tzlich \u00fcber die Nahrung aufgenommen werden. Biotin spielt eine wichtige Rolle bei Stoffwechselprozessen.<\/p>\n","protected":false},"featured_media":15099,"template":"","meta":{"_acf_changed":false},"product_brand":[],"product_cat":[337],"product_tag":[],"class_list":{"0":"post-15097","1":"product","2":"type-product","3":"status-publish","4":"has-post-thumbnail","6":"product_cat-c","7":"pa_farbe-weiss","8":"pa_packungsgroesse-40-stueck","10":"first","11":"instock","12":"shipping-taxable","13":"purchasable","14":"product-type-simple"},"acf":[],"_links":{"self":[{"href":"https:\/\/www.hirtenberg-apotheke.at\/katalog\/wp-json\/wp\/v2\/product\/15097","targetHints":{"allow":["GET"]}}],"collection":[{"href":"https:\/\/www.hirtenberg-apotheke.at\/katalog\/wp-json\/wp\/v2\/product"}],"about":[{"href":"https:\/\/www.hirtenberg-apotheke.at\/katalog\/wp-json\/wp\/v2\/types\/product"}],"wp:featuredmedia":[{"embeddable":true,"href":"https:\/\/www.hirtenberg-apotheke.at\/katalog\/wp-json\/wp\/v2\/media\/15099"}],"wp:attachment":[{"href":"https:\/\/www.hirtenberg-apotheke.at\/katalog\/wp-json\/wp\/v2\/media?parent=15097"}],"wp:term":[{"taxonomy":"product_brand","embeddable":true,"href":"https:\/\/www.hirtenberg-apotheke.at\/katalog\/wp-json\/wp\/v2\/product_brand?post=15097"},{"taxonomy":"product_cat","embeddable":true,"href":"https:\/\/www.hirtenberg-apotheke.at\/katalog\/wp-json\/wp\/v2\/product_cat?post=15097"},{"taxonomy":"product_tag","embeddable":true,"href":"https:\/\/www.hirtenberg-apotheke.at\/katalog\/wp-json\/wp\/v2\/product_tag?post=15097"}],"curies":[{"name":"wp","href":"https:\/\/api.w.org\/{rel}","templated":true}]}}