{"id":15212,"date":"2025-11-25T15:59:39","date_gmt":"2025-11-25T14:59:39","guid":{"rendered":"https:\/\/www.hirtenberg-apotheke.at\/katalog\/produkt\/hafesan-beauty-forte-kapseln-60-stk\/"},"modified":"2025-11-25T15:59:43","modified_gmt":"2025-11-25T14:59:43","slug":"hafesan-beauty-forte-kapseln-60-stk","status":"publish","type":"product","link":"https:\/\/www.hirtenberg-apotheke.at\/katalog\/produkt\/hafesan-beauty-forte-kapseln-60-stk\/","title":{"rendered":"Hafesan Beauty Forte Kapseln 60 Stk."},"content":{"rendered":"<p>Quer durch das Hafesan Produktsortiment in den Bereichen Kr\u00e4uterkapseln, Vitamine, Mineralstoffe und Spurenelemente regiert ein Wort, das f\u00fcr die ganze Firmenorganisation steht: Qualit\u00e4t. Da jeder Mensch andere Ess- und Lebensgewohnheiten hat, bietet Hafesan den Kunden die M\u00f6glichkeit, durch ein breites, hochwertiges Sortiment eine individuell auf Ihre speziellen Ern\u00e4hrungsl\u00fccken und Problembereiche abgestimmte Auswahl zu treffen. Ob f\u00fcr generelle Gesundheitsvorsorge, Di\u00e4tunterst\u00fctzung, Sch\u00f6nheitspflege oder Unterst\u00fctzung der ganz pers\u00f6nlichen Erfordernisse: das umfassende Hafesan-Sortiment deckt die Bed\u00fcrfnisse der heutigen Gesellschaft fast g\u00e4nzlich ab.<\/p>\n","protected":false},"excerpt":{"rendered":"<p>Quer durch das Hafesan Produktsortiment in den Bereichen Kr\u00e4uterkapseln, Vitamine, Mineralstoffe und Spurenelemente regiert ein Wort, das f\u00fcr die ganze Firmenorganisation steht: Qualit\u00e4t. Da jeder Mensch andere Ess- und Lebensgewohnheiten hat, bietet Hafesan den Kunden die M\u00f6glichkeit, durch ein breites, hochwertiges Sortiment eine individuell auf Ihre speziellen Ern\u00e4hrungsl\u00fccken und Problembereiche abgestimmte Auswahl zu treffen. Ob [&hellip;]<\/p>\n","protected":false},"featured_media":0,"template":"","meta":{"_acf_changed":false},"product_brand":[329],"product_cat":[330],"product_tag":[],"class_list":{"0":"post-15212","1":"product","2":"type-product","3":"status-publish","5":"product_brand-hafesan","6":"product_cat-h","7":"pa_packungsgroesse-60-stueck","9":"first","10":"instock","11":"shipping-taxable","12":"purchasable","13":"product-type-simple"},"acf":[],"_links":{"self":[{"href":"https:\/\/www.hirtenberg-apotheke.at\/katalog\/wp-json\/wp\/v2\/product\/15212","targetHints":{"allow":["GET"]}}],"collection":[{"href":"https:\/\/www.hirtenberg-apotheke.at\/katalog\/wp-json\/wp\/v2\/product"}],"about":[{"href":"https:\/\/www.hirtenberg-apotheke.at\/katalog\/wp-json\/wp\/v2\/types\/product"}],"wp:attachment":[{"href":"https:\/\/www.hirtenberg-apotheke.at\/katalog\/wp-json\/wp\/v2\/media?parent=15212"}],"wp:term":[{"taxonomy":"product_brand","embeddable":true,"href":"https:\/\/www.hirtenberg-apotheke.at\/katalog\/wp-json\/wp\/v2\/product_brand?post=15212"},{"taxonomy":"product_cat","embeddable":true,"href":"https:\/\/www.hirtenberg-apotheke.at\/katalog\/wp-json\/wp\/v2\/product_cat?post=15212"},{"taxonomy":"product_tag","embeddable":true,"href":"https:\/\/www.hirtenberg-apotheke.at\/katalog\/wp-json\/wp\/v2\/product_tag?post=15212"}],"curies":[{"name":"wp","href":"https:\/\/api.w.org\/{rel}","templated":true}]}}