{"id":15327,"date":"2025-11-25T16:00:44","date_gmt":"2025-11-25T15:00:44","guid":{"rendered":"https:\/\/www.hirtenberg-apotheke.at\/katalog\/produkt\/dr-boehm-moenchspfeffer-4-mg-filmtabletten-60-stk\/"},"modified":"2025-11-25T16:00:47","modified_gmt":"2025-11-25T15:00:47","slug":"dr-boehm-moenchspfeffer-4-mg-filmtabletten-60-stk","status":"publish","type":"product","link":"https:\/\/www.hirtenberg-apotheke.at\/katalog\/produkt\/dr-boehm-moenchspfeffer-4-mg-filmtabletten-60-stk\/","title":{"rendered":"Dr. B\u00f6hm M\u00f6nchspfeffer 4 mg Filmtabletten 60 Stk."},"content":{"rendered":"<p>Dr. B\u00f6hm M\u00f6nchspfeffer Filmtabletten bieten eine nat\u00fcrliche Hilfe bei Beschwerden vor und w\u00e4hrend der Menstruation. Weiters wirken sie sich positiv auf Regelm\u00e4\u00dfigkeit und Rhythmus der Periode aus.<\/p>\n","protected":false},"excerpt":{"rendered":"<p>Dr. B\u00f6hm M\u00f6nchspfeffer Filmtabletten bieten eine nat\u00fcrliche Hilfe bei Beschwerden vor und w\u00e4hrend der Menstruation. Weiters wirken sie sich positiv auf Regelm\u00e4\u00dfigkeit und Rhythmus der Periode aus.<\/p>\n","protected":false},"featured_media":15329,"template":"","meta":{"_acf_changed":false},"product_brand":[294],"product_cat":[295],"product_tag":[],"class_list":{"0":"post-15327","1":"product","2":"type-product","3":"status-publish","4":"has-post-thumbnail","6":"product_brand-dr-boehm","7":"product_cat-d","8":"pa_packungsgroesse-60-stueck","10":"first","11":"instock","12":"shipping-taxable","13":"purchasable","14":"product-type-simple"},"acf":[],"_links":{"self":[{"href":"https:\/\/www.hirtenberg-apotheke.at\/katalog\/wp-json\/wp\/v2\/product\/15327","targetHints":{"allow":["GET"]}}],"collection":[{"href":"https:\/\/www.hirtenberg-apotheke.at\/katalog\/wp-json\/wp\/v2\/product"}],"about":[{"href":"https:\/\/www.hirtenberg-apotheke.at\/katalog\/wp-json\/wp\/v2\/types\/product"}],"wp:featuredmedia":[{"embeddable":true,"href":"https:\/\/www.hirtenberg-apotheke.at\/katalog\/wp-json\/wp\/v2\/media\/15329"}],"wp:attachment":[{"href":"https:\/\/www.hirtenberg-apotheke.at\/katalog\/wp-json\/wp\/v2\/media?parent=15327"}],"wp:term":[{"taxonomy":"product_brand","embeddable":true,"href":"https:\/\/www.hirtenberg-apotheke.at\/katalog\/wp-json\/wp\/v2\/product_brand?post=15327"},{"taxonomy":"product_cat","embeddable":true,"href":"https:\/\/www.hirtenberg-apotheke.at\/katalog\/wp-json\/wp\/v2\/product_cat?post=15327"},{"taxonomy":"product_tag","embeddable":true,"href":"https:\/\/www.hirtenberg-apotheke.at\/katalog\/wp-json\/wp\/v2\/product_tag?post=15327"}],"curies":[{"name":"wp","href":"https:\/\/api.w.org\/{rel}","templated":true}]}}