{"id":15463,"date":"2025-11-25T17:02:40","date_gmt":"2025-11-25T16:02:40","guid":{"rendered":"https:\/\/www.hirtenberg-apotheke.at\/katalog\/produkt\/salbei-tropfen-100-ml\/"},"modified":"2025-11-25T17:02:42","modified_gmt":"2025-11-25T16:02:42","slug":"salbei-tropfen-100-ml","status":"publish","type":"product","link":"https:\/\/www.hirtenberg-apotheke.at\/katalog\/produkt\/salbei-tropfen-100-ml\/","title":{"rendered":"Salbei Tropfen 100 ml"},"content":{"rendered":"<p>Salbei Tropfen enthalten einen w\u00e4ssrig-alkoholischen Auszug aus Salbeibl\u00e4ttern. In den Dr\u00fcsenschuppen und Dr\u00fcsenhaaren des Salbeiblattes befinden sich \u00e4therische \u00d6le, die besonders viele Mono- sowie Sesquiterpene enthalten. Zudem erhalten sie auch Gerbstoffe, vor allem Rosmarins\u00e4ure..<\/p>\n","protected":false},"excerpt":{"rendered":"<p>Salbei Tropfen enthalten einen w\u00e4ssrig-alkoholischen Auszug aus Salbeibl\u00e4ttern. In den Dr\u00fcsenschuppen und Dr\u00fcsenhaaren des Salbeiblattes befinden sich \u00e4therische \u00d6le, die besonders viele Mono- sowie Sesquiterpene enthalten. Zudem erhalten sie auch Gerbstoffe, vor allem Rosmarins\u00e4ure..<\/p>\n","protected":false},"featured_media":0,"template":"","meta":{"_acf_changed":false},"product_brand":[],"product_cat":[303],"product_tag":[],"class_list":{"0":"post-15463","1":"product","2":"type-product","3":"status-publish","5":"product_cat-s","6":"pa_packungsgroesse-100ml","8":"first","9":"instock","10":"shipping-taxable","11":"purchasable","12":"product-type-simple"},"acf":[],"_links":{"self":[{"href":"https:\/\/www.hirtenberg-apotheke.at\/katalog\/wp-json\/wp\/v2\/product\/15463","targetHints":{"allow":["GET"]}}],"collection":[{"href":"https:\/\/www.hirtenberg-apotheke.at\/katalog\/wp-json\/wp\/v2\/product"}],"about":[{"href":"https:\/\/www.hirtenberg-apotheke.at\/katalog\/wp-json\/wp\/v2\/types\/product"}],"wp:attachment":[{"href":"https:\/\/www.hirtenberg-apotheke.at\/katalog\/wp-json\/wp\/v2\/media?parent=15463"}],"wp:term":[{"taxonomy":"product_brand","embeddable":true,"href":"https:\/\/www.hirtenberg-apotheke.at\/katalog\/wp-json\/wp\/v2\/product_brand?post=15463"},{"taxonomy":"product_cat","embeddable":true,"href":"https:\/\/www.hirtenberg-apotheke.at\/katalog\/wp-json\/wp\/v2\/product_cat?post=15463"},{"taxonomy":"product_tag","embeddable":true,"href":"https:\/\/www.hirtenberg-apotheke.at\/katalog\/wp-json\/wp\/v2\/product_tag?post=15463"}],"curies":[{"name":"wp","href":"https:\/\/api.w.org\/{rel}","templated":true}]}}