{"id":15471,"date":"2025-11-25T17:02:40","date_gmt":"2025-11-25T16:02:40","guid":{"rendered":"https:\/\/www.hirtenberg-apotheke.at\/katalog\/produkt\/profertil-male-kapseln-60-stk\/"},"modified":"2025-11-25T17:02:52","modified_gmt":"2025-11-25T16:02:52","slug":"profertil-male-kapseln-60-stk","status":"publish","type":"product","link":"https:\/\/www.hirtenberg-apotheke.at\/katalog\/produkt\/profertil-male-kapseln-60-stk\/","title":{"rendered":"Profertil Male Kapseln 60 Stk."},"content":{"rendered":"<p>Demographische Untersuchungen gehen davon aus, dass mittlerweile jedes 6. bis 7. Paar unfreiwillig kinderlos ist, wobei die Gr\u00fcnde f\u00fcr die ungewollte Kinderlosigkeit sowohl bei der Frau als auch beim Mann liegen k\u00f6nnen. Nach Einsch\u00e4tzungen der Weltgesundheitsorganisation (WHO) liegen die Gr\u00fcnde f\u00fcr Kinderlosigkeit allerdings bei nur 40 % der betroffenen Paare ausschlie\u00dflich auf weiblicher Seite \u2013 bei 20 % bei beiden Partnern und bei weiteren 40 % sind St\u00f6rungen der m\u00e4nnlichen Fertilit\u00e4t die alleinige Ursache.Die einzigartige Kombination der in PROfertil\u00ae enthaltenen Inhaltsstoffe orientiert sich an wissenschaftlichen Ergebnissen und wurde in ihrer besonderen Zusammensetzung erfolgreich klinisch getestet und als Patent gesch\u00fctzt. PROfertil\u00ae ist ein eigens entwickeltes Pr\u00e4parat, das die Qualit\u00e4t des Samens und damit die Fruchtbarkeit bei M\u00e4nnern mit Fertilit\u00e4tsst\u00f6rungen und Kinderwunsch verbessern kann.Durch eine regelm\u00e4\u00dfige, der Verzehrempfehlung entsprechende Einnahme von PROfertil\u00ae, kann aufgrund der spezifischen Eigenschaften der Inhaltsstoffe die Verbesserung von einem oder mehreren Merkmalen erreicht werden, die \u00fcblicherweise zur Beschreibung der Spermienqualit\u00e4t herangezogen werden. Zu diesen Merkmalen z\u00e4hlen die Beweglichkeit der Samenzellen (Motilit\u00e4t), das Ejakulatvolumen, die Dichte der Samenzellen sowie die Formung bzw. Verformung der Samenzellen (Morphologie)..<\/p>\n","protected":false},"excerpt":{"rendered":"<p>Demographische Untersuchungen gehen davon aus, dass mittlerweile jedes 6. bis 7. Paar unfreiwillig kinderlos ist, wobei die Gr\u00fcnde f\u00fcr die ungewollte Kinderlosigkeit sowohl bei der Frau als auch beim Mann liegen k\u00f6nnen. Nach Einsch\u00e4tzungen der Weltgesundheitsorganisation (WHO) liegen die Gr\u00fcnde f\u00fcr Kinderlosigkeit allerdings bei nur 40 % der betroffenen Paare ausschlie\u00dflich auf weiblicher Seite \u2013 [&hellip;]<\/p>\n","protected":false},"featured_media":0,"template":"","meta":{"_acf_changed":false},"product_brand":[],"product_cat":[302],"product_tag":[],"class_list":{"0":"post-15471","1":"product","2":"type-product","3":"status-publish","5":"product_cat-p","6":"pa_packungsgroesse-60-stueck","7":"pa_packungsgroesse-180-stueck","9":"first","10":"instock","11":"shipping-taxable","12":"purchasable","13":"product-type-simple"},"acf":[],"_links":{"self":[{"href":"https:\/\/www.hirtenberg-apotheke.at\/katalog\/wp-json\/wp\/v2\/product\/15471","targetHints":{"allow":["GET"]}}],"collection":[{"href":"https:\/\/www.hirtenberg-apotheke.at\/katalog\/wp-json\/wp\/v2\/product"}],"about":[{"href":"https:\/\/www.hirtenberg-apotheke.at\/katalog\/wp-json\/wp\/v2\/types\/product"}],"wp:attachment":[{"href":"https:\/\/www.hirtenberg-apotheke.at\/katalog\/wp-json\/wp\/v2\/media?parent=15471"}],"wp:term":[{"taxonomy":"product_brand","embeddable":true,"href":"https:\/\/www.hirtenberg-apotheke.at\/katalog\/wp-json\/wp\/v2\/product_brand?post=15471"},{"taxonomy":"product_cat","embeddable":true,"href":"https:\/\/www.hirtenberg-apotheke.at\/katalog\/wp-json\/wp\/v2\/product_cat?post=15471"},{"taxonomy":"product_tag","embeddable":true,"href":"https:\/\/www.hirtenberg-apotheke.at\/katalog\/wp-json\/wp\/v2\/product_tag?post=15471"}],"curies":[{"name":"wp","href":"https:\/\/api.w.org\/{rel}","templated":true}]}}