{"id":15564,"date":"2025-11-25T17:03:52","date_gmt":"2025-11-25T16:03:52","guid":{"rendered":"https:\/\/www.hirtenberg-apotheke.at\/katalog\/produkt\/herpotherm-1-stk\/"},"modified":"2025-11-25T17:03:59","modified_gmt":"2025-11-25T16:03:59","slug":"herpotherm-1-stk","status":"publish","type":"product","link":"https:\/\/www.hirtenberg-apotheke.at\/katalog\/produkt\/herpotherm-1-stk\/","title":{"rendered":"Herpotherm 1 Stk."},"content":{"rendered":"<p>Herpotherm ist das ideale Medizinprodukt zur \u00f6rtlichen Behandlung begleitender Symptome von Herpes wie Brennen, Kribbeln, Juckreiz oder Spannen. Bei regelm\u00e4\u00dfiger Anwendung verhindert es die Bildung von Herpes sogar komplett und bei sp\u00e4terer Anwendung kann ein leichterer Verlauf sowie ein fr\u00fcheres Abheilen erzielt werden. Das Produkt ist dermatologisch getestet und einfach und praktisch in der Handhabung. Au\u00dferdem wirkt Herpotherm ausschlie\u00dflich mit konzentrierter W\u00e4rme und somit v\u00f6llig ohne chemische Stoffe und ist auch f\u00fcr Schwangere und Allergiker bestens geeignet.<\/p>\n","protected":false},"excerpt":{"rendered":"<p>Herpotherm ist das ideale Medizinprodukt zur \u00f6rtlichen Behandlung begleitender Symptome von Herpes wie Brennen, Kribbeln, Juckreiz oder Spannen. Bei regelm\u00e4\u00dfiger Anwendung verhindert es die Bildung von Herpes sogar komplett und bei sp\u00e4terer Anwendung kann ein leichterer Verlauf sowie ein fr\u00fcheres Abheilen erzielt werden. Das Produkt ist dermatologisch getestet und einfach und praktisch in der Handhabung. [&hellip;]<\/p>\n","protected":false},"featured_media":0,"template":"","meta":{"_acf_changed":false},"product_brand":[],"product_cat":[330],"product_tag":[],"class_list":{"0":"post-15564","1":"product","2":"type-product","3":"status-publish","5":"product_cat-h","6":"pa_packungsgroesse-1-stueck","8":"first","9":"instock","10":"shipping-taxable","11":"purchasable","12":"product-type-simple"},"acf":[],"_links":{"self":[{"href":"https:\/\/www.hirtenberg-apotheke.at\/katalog\/wp-json\/wp\/v2\/product\/15564","targetHints":{"allow":["GET"]}}],"collection":[{"href":"https:\/\/www.hirtenberg-apotheke.at\/katalog\/wp-json\/wp\/v2\/product"}],"about":[{"href":"https:\/\/www.hirtenberg-apotheke.at\/katalog\/wp-json\/wp\/v2\/types\/product"}],"wp:attachment":[{"href":"https:\/\/www.hirtenberg-apotheke.at\/katalog\/wp-json\/wp\/v2\/media?parent=15564"}],"wp:term":[{"taxonomy":"product_brand","embeddable":true,"href":"https:\/\/www.hirtenberg-apotheke.at\/katalog\/wp-json\/wp\/v2\/product_brand?post=15564"},{"taxonomy":"product_cat","embeddable":true,"href":"https:\/\/www.hirtenberg-apotheke.at\/katalog\/wp-json\/wp\/v2\/product_cat?post=15564"},{"taxonomy":"product_tag","embeddable":true,"href":"https:\/\/www.hirtenberg-apotheke.at\/katalog\/wp-json\/wp\/v2\/product_tag?post=15564"}],"curies":[{"name":"wp","href":"https:\/\/api.w.org\/{rel}","templated":true}]}}