{"id":15607,"date":"2025-11-25T17:04:31","date_gmt":"2025-11-25T16:04:31","guid":{"rendered":"https:\/\/www.hirtenberg-apotheke.at\/katalog\/produkt\/sterillium-haende-desinfektionsmittel\/"},"modified":"2025-11-25T17:06:10","modified_gmt":"2025-11-25T16:06:10","slug":"sterillium-haende-desinfektionsmittel","status":"publish","type":"product","link":"https:\/\/www.hirtenberg-apotheke.at\/katalog\/produkt\/sterillium-haende-desinfektionsmittel\/","title":{"rendered":"Sterillium H\u00e4nde-Desinfektionsmittel"},"content":{"rendered":"<p>BODE Sterillium L\u00f6sung versichert eine hygienische und chirurgische H\u00e4ndedesinfektion. Es wirkt als Hautdesinfektion vor Injektionen und Punktionen jeglicher Art.<\/p>\n","protected":false},"excerpt":{"rendered":"<p>BODE Sterillium L\u00f6sung versichert eine hygienische und chirurgische H\u00e4ndedesinfektion. Es wirkt als Hautdesinfektion vor Injektionen und Punktionen jeglicher Art.<\/p>\n","protected":false},"featured_media":0,"template":"","meta":{"_acf_changed":false},"product_brand":[],"product_cat":[303],"product_tag":[],"class_list":{"0":"post-15607","1":"product","2":"type-product","3":"status-publish","5":"product_cat-s","6":"pa_packungsgroesse-100ml","7":"pa_packungsgroesse-1l","8":"pa_packungsgroesse-500ml","10":"first","11":"instock","12":"shipping-taxable","13":"purchasable","14":"product-type-simple"},"acf":[],"_links":{"self":[{"href":"https:\/\/www.hirtenberg-apotheke.at\/katalog\/wp-json\/wp\/v2\/product\/15607","targetHints":{"allow":["GET"]}}],"collection":[{"href":"https:\/\/www.hirtenberg-apotheke.at\/katalog\/wp-json\/wp\/v2\/product"}],"about":[{"href":"https:\/\/www.hirtenberg-apotheke.at\/katalog\/wp-json\/wp\/v2\/types\/product"}],"wp:attachment":[{"href":"https:\/\/www.hirtenberg-apotheke.at\/katalog\/wp-json\/wp\/v2\/media?parent=15607"}],"wp:term":[{"taxonomy":"product_brand","embeddable":true,"href":"https:\/\/www.hirtenberg-apotheke.at\/katalog\/wp-json\/wp\/v2\/product_brand?post=15607"},{"taxonomy":"product_cat","embeddable":true,"href":"https:\/\/www.hirtenberg-apotheke.at\/katalog\/wp-json\/wp\/v2\/product_cat?post=15607"},{"taxonomy":"product_tag","embeddable":true,"href":"https:\/\/www.hirtenberg-apotheke.at\/katalog\/wp-json\/wp\/v2\/product_tag?post=15607"}],"curies":[{"name":"wp","href":"https:\/\/api.w.org\/{rel}","templated":true}]}}