{"id":15611,"date":"2025-11-25T17:04:31","date_gmt":"2025-11-25T16:04:31","guid":{"rendered":"https:\/\/www.hirtenberg-apotheke.at\/katalog\/produkt\/sensicutan-salbe-30-g\/"},"modified":"2025-11-25T17:04:54","modified_gmt":"2025-11-25T16:04:54","slug":"sensicutan-salbe-30-g","status":"publish","type":"product","link":"https:\/\/www.hirtenberg-apotheke.at\/katalog\/produkt\/sensicutan-salbe-30-g\/","title":{"rendered":"Sensicutan Salbe 30 g"},"content":{"rendered":"<p>Sensicutan ist eine cortisonfreie Salbe und wird als Zusatzbehandlung bei entz\u00fcndlichen, nicht-infekti\u00f6sen, stark juckenden Hauterkrankungen angewendet. Die Salbe f\u00fchrt mit raschem Wirkungseintritt zu einer Entz\u00fcndungshemmung und lindert den h\u00e4ufig unangenehmen Juckreiz. Das hautfreundliche Emulsionssystem der Salbengrundlage erlaubt die Anwendung von Sensicutan-Salbe bei trockener, normaler und feuchter Haut.<\/p>\n","protected":false},"excerpt":{"rendered":"<p>Sensicutan ist eine cortisonfreie Salbe und wird als Zusatzbehandlung bei entz\u00fcndlichen, nicht-infekti\u00f6sen, stark juckenden Hauterkrankungen angewendet. Die Salbe f\u00fchrt mit raschem Wirkungseintritt zu einer Entz\u00fcndungshemmung und lindert den h\u00e4ufig unangenehmen Juckreiz. Das hautfreundliche Emulsionssystem der Salbengrundlage erlaubt die Anwendung von Sensicutan-Salbe bei trockener, normaler und feuchter Haut.<\/p>\n","protected":false},"featured_media":0,"template":"","meta":{"_acf_changed":false},"product_brand":[],"product_cat":[303],"product_tag":[],"class_list":{"0":"post-15611","1":"product","2":"type-product","3":"status-publish","5":"product_cat-s","6":"pa_packungsgroesse-30g","7":"pa_packungsgroesse-80g","9":"first","10":"instock","11":"shipping-taxable","12":"purchasable","13":"product-type-simple"},"acf":[],"_links":{"self":[{"href":"https:\/\/www.hirtenberg-apotheke.at\/katalog\/wp-json\/wp\/v2\/product\/15611","targetHints":{"allow":["GET"]}}],"collection":[{"href":"https:\/\/www.hirtenberg-apotheke.at\/katalog\/wp-json\/wp\/v2\/product"}],"about":[{"href":"https:\/\/www.hirtenberg-apotheke.at\/katalog\/wp-json\/wp\/v2\/types\/product"}],"wp:attachment":[{"href":"https:\/\/www.hirtenberg-apotheke.at\/katalog\/wp-json\/wp\/v2\/media?parent=15611"}],"wp:term":[{"taxonomy":"product_brand","embeddable":true,"href":"https:\/\/www.hirtenberg-apotheke.at\/katalog\/wp-json\/wp\/v2\/product_brand?post=15611"},{"taxonomy":"product_cat","embeddable":true,"href":"https:\/\/www.hirtenberg-apotheke.at\/katalog\/wp-json\/wp\/v2\/product_cat?post=15611"},{"taxonomy":"product_tag","embeddable":true,"href":"https:\/\/www.hirtenberg-apotheke.at\/katalog\/wp-json\/wp\/v2\/product_tag?post=15611"}],"curies":[{"name":"wp","href":"https:\/\/api.w.org\/{rel}","templated":true}]}}