{"id":15768,"date":"2025-11-25T17:06:45","date_gmt":"2025-11-25T16:06:45","guid":{"rendered":"https:\/\/www.hirtenberg-apotheke.at\/katalog\/produkt\/tena-zinc-cream-100-ml\/"},"modified":"2025-11-25T17:06:49","modified_gmt":"2025-11-25T16:06:49","slug":"tena-zinc-cream-100-ml","status":"publish","type":"product","link":"https:\/\/www.hirtenberg-apotheke.at\/katalog\/produkt\/tena-zinc-cream-100-ml\/","title":{"rendered":"Tena Zinc Cream 100 ml"},"content":{"rendered":"<p>Tena Zinc Cream f\u00fcr gereizte und empfindliche Haut. Tena Zinc Cream enth\u00e4lt Zinkoxid (Konzentration: 10 %) und Vitamin E. Sie l\u00e4sst sich leichter auftragen und entfernen als Zinkpasten.<\/p>\n","protected":false},"excerpt":{"rendered":"<p>Tena Zinc Cream f\u00fcr gereizte und empfindliche Haut. Tena Zinc Cream enth\u00e4lt Zinkoxid (Konzentration: 10 %) und Vitamin E. Sie l\u00e4sst sich leichter auftragen und entfernen als Zinkpasten.<\/p>\n","protected":false},"featured_media":0,"template":"","meta":{"_acf_changed":false},"product_brand":[],"product_cat":[319],"product_tag":[],"class_list":{"0":"post-15768","1":"product","2":"type-product","3":"status-publish","5":"product_cat-t","6":"pa_packungsgroesse-100ml","8":"first","9":"instock","10":"shipping-taxable","11":"purchasable","12":"product-type-simple"},"acf":[],"_links":{"self":[{"href":"https:\/\/www.hirtenberg-apotheke.at\/katalog\/wp-json\/wp\/v2\/product\/15768","targetHints":{"allow":["GET"]}}],"collection":[{"href":"https:\/\/www.hirtenberg-apotheke.at\/katalog\/wp-json\/wp\/v2\/product"}],"about":[{"href":"https:\/\/www.hirtenberg-apotheke.at\/katalog\/wp-json\/wp\/v2\/types\/product"}],"wp:attachment":[{"href":"https:\/\/www.hirtenberg-apotheke.at\/katalog\/wp-json\/wp\/v2\/media?parent=15768"}],"wp:term":[{"taxonomy":"product_brand","embeddable":true,"href":"https:\/\/www.hirtenberg-apotheke.at\/katalog\/wp-json\/wp\/v2\/product_brand?post=15768"},{"taxonomy":"product_cat","embeddable":true,"href":"https:\/\/www.hirtenberg-apotheke.at\/katalog\/wp-json\/wp\/v2\/product_cat?post=15768"},{"taxonomy":"product_tag","embeddable":true,"href":"https:\/\/www.hirtenberg-apotheke.at\/katalog\/wp-json\/wp\/v2\/product_tag?post=15768"}],"curies":[{"name":"wp","href":"https:\/\/api.w.org\/{rel}","templated":true}]}}