{"id":16018,"date":"2025-11-25T17:09:50","date_gmt":"2025-11-25T16:09:50","guid":{"rendered":"https:\/\/www.hirtenberg-apotheke.at\/katalog\/produkt\/helfe-eucalyptus-bad-reinigung-200-ml\/"},"modified":"2025-11-25T17:09:53","modified_gmt":"2025-11-25T16:09:53","slug":"helfe-eucalyptus-bad-reinigung-200-ml","status":"publish","type":"product","link":"https:\/\/www.hirtenberg-apotheke.at\/katalog\/produkt\/helfe-eucalyptus-bad-reinigung-200-ml\/","title":{"rendered":"HELFE Eucalyptus Bad Reinigung 200 ml"},"content":{"rendered":"<p>Das HELFE Eukalyptusbad hat einen sehr hohen Gehalt an \u00e4therischem Eukalyptus\u00f6l, welches f\u00fcr seine befreiende Wirkung auf die Atemwege und Nasennebenh\u00f6hlen bekannt ist. Besonders bei Erk\u00e4ltungen in der kalten Jahreszeit ist es eine Wohltat f\u00fcr den K\u00f6rper.<\/p>\n<p>&#13;<\/p>\n<p><strong>Wirkung:<\/strong><\/p>\n<p>&#13;<\/p>\n<ul>&#13;<\/p>\n<li>Befreiend f\u00fcr Atemwege,<\/li>\n<p>&#13;<\/p>\n<li>Erfrischend<\/li>\n<p>&#13;\n<\/ul>\n","protected":false},"excerpt":{"rendered":"<p>Das HELFE Eukalyptusbad hat einen sehr hohen Gehalt an \u00e4therischem Eukalyptus\u00f6l, welches f\u00fcr seine befreiende Wirkung auf die Atemwege und Nasennebenh\u00f6hlen bekannt ist. Besonders bei Erk\u00e4ltungen in der kalten Jahreszeit ist es eine Wohltat f\u00fcr den K\u00f6rper. &#13; Wirkung: &#13; &#13; Befreiend f\u00fcr Atemwege, &#13; Erfrischend &#13;<\/p>\n","protected":false},"featured_media":0,"template":"","meta":{"_acf_changed":false},"product_brand":[664],"product_cat":[330],"product_tag":[],"class_list":{"0":"post-16018","1":"product","2":"type-product","3":"status-publish","5":"product_brand-helfe","6":"product_cat-h","7":"pa_packungsgroesse-200ml","9":"first","10":"instock","11":"shipping-taxable","12":"purchasable","13":"product-type-simple"},"acf":[],"_links":{"self":[{"href":"https:\/\/www.hirtenberg-apotheke.at\/katalog\/wp-json\/wp\/v2\/product\/16018","targetHints":{"allow":["GET"]}}],"collection":[{"href":"https:\/\/www.hirtenberg-apotheke.at\/katalog\/wp-json\/wp\/v2\/product"}],"about":[{"href":"https:\/\/www.hirtenberg-apotheke.at\/katalog\/wp-json\/wp\/v2\/types\/product"}],"wp:attachment":[{"href":"https:\/\/www.hirtenberg-apotheke.at\/katalog\/wp-json\/wp\/v2\/media?parent=16018"}],"wp:term":[{"taxonomy":"product_brand","embeddable":true,"href":"https:\/\/www.hirtenberg-apotheke.at\/katalog\/wp-json\/wp\/v2\/product_brand?post=16018"},{"taxonomy":"product_cat","embeddable":true,"href":"https:\/\/www.hirtenberg-apotheke.at\/katalog\/wp-json\/wp\/v2\/product_cat?post=16018"},{"taxonomy":"product_tag","embeddable":true,"href":"https:\/\/www.hirtenberg-apotheke.at\/katalog\/wp-json\/wp\/v2\/product_tag?post=16018"}],"curies":[{"name":"wp","href":"https:\/\/api.w.org\/{rel}","templated":true}]}}