{"id":16428,"date":"2025-11-25T17:14:14","date_gmt":"2025-11-25T16:14:14","guid":{"rendered":"https:\/\/www.hirtenberg-apotheke.at\/katalog\/produkt\/endwarts-loesung-5-ml\/"},"modified":"2025-11-25T17:14:18","modified_gmt":"2025-11-25T16:14:18","slug":"endwarts-loesung-5-ml","status":"publish","type":"product","link":"https:\/\/www.hirtenberg-apotheke.at\/katalog\/produkt\/endwarts-loesung-5-ml\/","title":{"rendered":"EndWarts L\u00f6sung 5 ml"},"content":{"rendered":"<p>EndWarts ist eine \u00f6rtlich anzuwendende L\u00f6sung f\u00fcr Warzen auf H\u00e4nden, F\u00fc\u00dfen und dem K\u00f6rper. Die L\u00f6sung enth\u00e4lt Ameisens\u00e4ure, welche die Warze von innen heraus austrocknet.<\/p>\n","protected":false},"excerpt":{"rendered":"<p>EndWarts ist eine \u00f6rtlich anzuwendende L\u00f6sung f\u00fcr Warzen auf H\u00e4nden, F\u00fc\u00dfen und dem K\u00f6rper. Die L\u00f6sung enth\u00e4lt Ameisens\u00e4ure, welche die Warze von innen heraus austrocknet.<\/p>\n","protected":false},"featured_media":16430,"template":"","meta":{"_acf_changed":false},"product_brand":[],"product_cat":[307],"product_tag":[],"class_list":{"0":"post-16428","1":"product","2":"type-product","3":"status-publish","4":"has-post-thumbnail","6":"product_cat-e","7":"pa_packungsgroesse-5ml","9":"first","10":"instock","11":"shipping-taxable","12":"purchasable","13":"product-type-simple"},"acf":[],"_links":{"self":[{"href":"https:\/\/www.hirtenberg-apotheke.at\/katalog\/wp-json\/wp\/v2\/product\/16428","targetHints":{"allow":["GET"]}}],"collection":[{"href":"https:\/\/www.hirtenberg-apotheke.at\/katalog\/wp-json\/wp\/v2\/product"}],"about":[{"href":"https:\/\/www.hirtenberg-apotheke.at\/katalog\/wp-json\/wp\/v2\/types\/product"}],"wp:featuredmedia":[{"embeddable":true,"href":"https:\/\/www.hirtenberg-apotheke.at\/katalog\/wp-json\/wp\/v2\/media\/16430"}],"wp:attachment":[{"href":"https:\/\/www.hirtenberg-apotheke.at\/katalog\/wp-json\/wp\/v2\/media?parent=16428"}],"wp:term":[{"taxonomy":"product_brand","embeddable":true,"href":"https:\/\/www.hirtenberg-apotheke.at\/katalog\/wp-json\/wp\/v2\/product_brand?post=16428"},{"taxonomy":"product_cat","embeddable":true,"href":"https:\/\/www.hirtenberg-apotheke.at\/katalog\/wp-json\/wp\/v2\/product_cat?post=16428"},{"taxonomy":"product_tag","embeddable":true,"href":"https:\/\/www.hirtenberg-apotheke.at\/katalog\/wp-json\/wp\/v2\/product_tag?post=16428"}],"curies":[{"name":"wp","href":"https:\/\/api.w.org\/{rel}","templated":true}]}}