{"id":16812,"date":"2025-11-25T17:18:01","date_gmt":"2025-11-25T16:18:01","guid":{"rendered":"https:\/\/www.hirtenberg-apotheke.at\/katalog\/produkt\/la-roche-posay-effaclar-porenverfeinernde-lotion-200-ml\/"},"modified":"2025-11-25T17:18:09","modified_gmt":"2025-11-25T16:18:09","slug":"la-roche-posay-effaclar-porenverfeinernde-lotion-200-ml","status":"publish","type":"product","link":"https:\/\/www.hirtenberg-apotheke.at\/katalog\/produkt\/la-roche-posay-effaclar-porenverfeinernde-lotion-200-ml\/","title":{"rendered":"La Roche-Posay Effaclar Porenverfeinernde Lotion 200 ml"},"content":{"rendered":"<p>La Roche-Posay Effaclar Porenverfeinernde Lotion reinigt fettige, unreine Haut gr\u00fcndlich und kl\u00e4rt, verfeinert die Poren und bek\u00e4mpft ihr Verstopfen. Die porenverfeinermde Lotion ist die ideale Erg\u00e4nzung zu einem Reinigungs- oder Waschgel. Dank der Formel mit dem Aktivstoff LHA wird das grobe, gro\u00dfporige Hautbild sanft gepeelt und verfeinert..<\/p>\n","protected":false},"excerpt":{"rendered":"<p>La Roche-Posay Effaclar Porenverfeinernde Lotion reinigt fettige, unreine Haut gr\u00fcndlich und kl\u00e4rt, verfeinert die Poren und bek\u00e4mpft ihr Verstopfen. Die porenverfeinermde Lotion ist die ideale Erg\u00e4nzung zu einem Reinigungs- oder Waschgel. Dank der Formel mit dem Aktivstoff LHA wird das grobe, gro\u00dfporige Hautbild sanft gepeelt und verfeinert..<\/p>\n","protected":false},"featured_media":0,"template":"","meta":{"_acf_changed":false},"product_brand":[692],"product_cat":[317],"product_tag":[],"class_list":{"0":"post-16812","1":"product","2":"type-product","3":"status-publish","5":"product_brand-la-roche-posay","6":"product_cat-l","7":"pa_packungsgroesse-200ml","9":"first","10":"instock","11":"shipping-taxable","12":"purchasable","13":"product-type-simple"},"acf":[],"_links":{"self":[{"href":"https:\/\/www.hirtenberg-apotheke.at\/katalog\/wp-json\/wp\/v2\/product\/16812","targetHints":{"allow":["GET"]}}],"collection":[{"href":"https:\/\/www.hirtenberg-apotheke.at\/katalog\/wp-json\/wp\/v2\/product"}],"about":[{"href":"https:\/\/www.hirtenberg-apotheke.at\/katalog\/wp-json\/wp\/v2\/types\/product"}],"wp:attachment":[{"href":"https:\/\/www.hirtenberg-apotheke.at\/katalog\/wp-json\/wp\/v2\/media?parent=16812"}],"wp:term":[{"taxonomy":"product_brand","embeddable":true,"href":"https:\/\/www.hirtenberg-apotheke.at\/katalog\/wp-json\/wp\/v2\/product_brand?post=16812"},{"taxonomy":"product_cat","embeddable":true,"href":"https:\/\/www.hirtenberg-apotheke.at\/katalog\/wp-json\/wp\/v2\/product_cat?post=16812"},{"taxonomy":"product_tag","embeddable":true,"href":"https:\/\/www.hirtenberg-apotheke.at\/katalog\/wp-json\/wp\/v2\/product_tag?post=16812"}],"curies":[{"name":"wp","href":"https:\/\/api.w.org\/{rel}","templated":true}]}}