{"id":17015,"date":"2025-11-25T17:20:21","date_gmt":"2025-11-25T16:20:21","guid":{"rendered":"https:\/\/www.hirtenberg-apotheke.at\/katalog\/produkt\/eucerin-hyaluron-filler-elasticity-nachtpflege\/"},"modified":"2025-11-25T17:20:26","modified_gmt":"2025-11-25T16:20:26","slug":"eucerin-hyaluron-filler-elasticity-nachtpflege","status":"publish","type":"product","link":"https:\/\/www.hirtenberg-apotheke.at\/katalog\/produkt\/eucerin-hyaluron-filler-elasticity-nachtpflege\/","title":{"rendered":"Eucerin HYALURON-FILLER + ELASTICITY Nachtpflege"},"content":{"rendered":"<p>Die Eucerin HYALURON-FILLER + ELASTICITY Nachtpflege st\u00e4rkt die Hautstruktur, indem sie ihre Elastizit\u00e4t verbessert und tiefe Falten mildert. Eucerin HYALURON-FILLER + ELASTICITY Nachtpflege enth\u00e4lt dar\u00fcber hinaus Argan\u00f6l. Reich an hautpflegenden Lipiden, unterst\u00fctzt es die Regeneration und sorgt \u00fcber Nacht f\u00fcr ein geschmeidiges Hautgef\u00fchl.  Die einzigartige, innovative Formel enth\u00e4lt sowohl Arctiin (der hochwirksame Inhaltsstoff beschleunigt den Erneuerungsprozess des Kollagens in den Hautzellen) als auch Silymarin (ein starkes Antioxidans, das dabei hilft, dem Abbau von Kollagen und Elastin vorzubeugen und die Mikrozirkulation auf Zellebene zu verbessern).  Jetzt online bestellen!<\/p>\n","protected":false},"excerpt":{"rendered":"<p>Die Eucerin HYALURON-FILLER + ELASTICITY Nachtpflege st\u00e4rkt die Hautstruktur, indem sie ihre Elastizit\u00e4t verbessert und tiefe Falten mildert. Eucerin HYALURON-FILLER + ELASTICITY Nachtpflege enth\u00e4lt dar\u00fcber hinaus Argan\u00f6l. Reich an hautpflegenden Lipiden, unterst\u00fctzt es die Regeneration und sorgt \u00fcber Nacht f\u00fcr ein geschmeidiges Hautgef\u00fchl. Die einzigartige, innovative Formel enth\u00e4lt sowohl Arctiin (der hochwirksame Inhaltsstoff beschleunigt den [&hellip;]<\/p>\n","protected":false},"featured_media":0,"template":"","meta":{"_acf_changed":false},"product_brand":[694],"product_cat":[307],"product_tag":[],"class_list":{"0":"post-17015","1":"product","2":"type-product","3":"status-publish","5":"product_brand-eucerin","6":"product_cat-e","7":"pa_packungsgroesse-50ml","9":"first","10":"instock","11":"shipping-taxable","12":"purchasable","13":"product-type-simple"},"acf":[],"_links":{"self":[{"href":"https:\/\/www.hirtenberg-apotheke.at\/katalog\/wp-json\/wp\/v2\/product\/17015","targetHints":{"allow":["GET"]}}],"collection":[{"href":"https:\/\/www.hirtenberg-apotheke.at\/katalog\/wp-json\/wp\/v2\/product"}],"about":[{"href":"https:\/\/www.hirtenberg-apotheke.at\/katalog\/wp-json\/wp\/v2\/types\/product"}],"wp:attachment":[{"href":"https:\/\/www.hirtenberg-apotheke.at\/katalog\/wp-json\/wp\/v2\/media?parent=17015"}],"wp:term":[{"taxonomy":"product_brand","embeddable":true,"href":"https:\/\/www.hirtenberg-apotheke.at\/katalog\/wp-json\/wp\/v2\/product_brand?post=17015"},{"taxonomy":"product_cat","embeddable":true,"href":"https:\/\/www.hirtenberg-apotheke.at\/katalog\/wp-json\/wp\/v2\/product_cat?post=17015"},{"taxonomy":"product_tag","embeddable":true,"href":"https:\/\/www.hirtenberg-apotheke.at\/katalog\/wp-json\/wp\/v2\/product_tag?post=17015"}],"curies":[{"name":"wp","href":"https:\/\/api.w.org\/{rel}","templated":true}]}}