{"id":17101,"date":"2025-11-25T17:21:16","date_gmt":"2025-11-25T16:21:16","guid":{"rendered":"https:\/\/www.hirtenberg-apotheke.at\/katalog\/produkt\/la-roche-posay-rosaliac-cc-cream-50-ml\/"},"modified":"2025-11-25T17:21:21","modified_gmt":"2025-11-25T16:21:21","slug":"la-roche-posay-rosaliac-cc-cream-50-ml","status":"publish","type":"product","link":"https:\/\/www.hirtenberg-apotheke.at\/katalog\/produkt\/la-roche-posay-rosaliac-cc-cream-50-ml\/","title":{"rendered":"La Roche-Posay Rosaliac CC Cream 50 ml"},"content":{"rendered":"<p>La Roche-Posay Rosaliac Cc Creme ist eine abdeckende Pflege, die speziell f\u00fcr zu Hautr\u00f6tungen und Rosazea neigende Haut entwickelt wurde. Die universelle Nuance passt sich ideal jedem Hautton an, f\u00fcr ein nat\u00fcrliches Ergebnis. Alle Abstufungen von R\u00f6tungen werden von der Creme sofort abgedeckt.<\/p>\n","protected":false},"excerpt":{"rendered":"<p>La Roche-Posay Rosaliac Cc Creme ist eine abdeckende Pflege, die speziell f\u00fcr zu Hautr\u00f6tungen und Rosazea neigende Haut entwickelt wurde. Die universelle Nuance passt sich ideal jedem Hautton an, f\u00fcr ein nat\u00fcrliches Ergebnis. Alle Abstufungen von R\u00f6tungen werden von der Creme sofort abgedeckt.<\/p>\n","protected":false},"featured_media":17103,"template":"","meta":{"_acf_changed":false},"product_brand":[692],"product_cat":[317],"product_tag":[],"class_list":{"0":"post-17101","1":"product","2":"type-product","3":"status-publish","4":"has-post-thumbnail","6":"product_brand-la-roche-posay","7":"product_cat-l","8":"pa_packungsgroesse-50ml","10":"first","11":"instock","12":"shipping-taxable","13":"purchasable","14":"product-type-simple"},"acf":[],"_links":{"self":[{"href":"https:\/\/www.hirtenberg-apotheke.at\/katalog\/wp-json\/wp\/v2\/product\/17101","targetHints":{"allow":["GET"]}}],"collection":[{"href":"https:\/\/www.hirtenberg-apotheke.at\/katalog\/wp-json\/wp\/v2\/product"}],"about":[{"href":"https:\/\/www.hirtenberg-apotheke.at\/katalog\/wp-json\/wp\/v2\/types\/product"}],"wp:featuredmedia":[{"embeddable":true,"href":"https:\/\/www.hirtenberg-apotheke.at\/katalog\/wp-json\/wp\/v2\/media\/17103"}],"wp:attachment":[{"href":"https:\/\/www.hirtenberg-apotheke.at\/katalog\/wp-json\/wp\/v2\/media?parent=17101"}],"wp:term":[{"taxonomy":"product_brand","embeddable":true,"href":"https:\/\/www.hirtenberg-apotheke.at\/katalog\/wp-json\/wp\/v2\/product_brand?post=17101"},{"taxonomy":"product_cat","embeddable":true,"href":"https:\/\/www.hirtenberg-apotheke.at\/katalog\/wp-json\/wp\/v2\/product_cat?post=17101"},{"taxonomy":"product_tag","embeddable":true,"href":"https:\/\/www.hirtenberg-apotheke.at\/katalog\/wp-json\/wp\/v2\/product_tag?post=17101"}],"curies":[{"name":"wp","href":"https:\/\/api.w.org\/{rel}","templated":true}]}}