{"id":17164,"date":"2025-11-25T17:22:00","date_gmt":"2025-11-25T16:22:00","guid":{"rendered":"https:\/\/www.hirtenberg-apotheke.at\/katalog\/produkt\/la-roche-posay-physiologischer-augen-make-up-entferner-125-ml\/"},"modified":"2025-11-25T17:22:02","modified_gmt":"2025-11-25T16:22:02","slug":"la-roche-posay-physiologischer-augen-make-up-entferner-125-ml","status":"publish","type":"product","link":"https:\/\/www.hirtenberg-apotheke.at\/katalog\/produkt\/la-roche-posay-physiologischer-augen-make-up-entferner-125-ml\/","title":{"rendered":"La Roche-Posay Physiologischer Augen-Make-up Entferner 125 ml"},"content":{"rendered":"<p>La Roche-Posay Physiologischer Augen-Make-up Entferner mit Zwei-Phasen-Wirkung entfernt auch wasserfestes Make-up zuverl\u00e4ssig und eignet sich f\u00fcr empfindliche Augen und Kontaktlinsentr\u00e4gerinnen. Zudem ist das Produkt frei von Duftstoffen und Parabenen.<\/p>\n","protected":false},"excerpt":{"rendered":"<p>La Roche-Posay Physiologischer Augen-Make-up Entferner mit Zwei-Phasen-Wirkung entfernt auch wasserfestes Make-up zuverl\u00e4ssig und eignet sich f\u00fcr empfindliche Augen und Kontaktlinsentr\u00e4gerinnen. Zudem ist das Produkt frei von Duftstoffen und Parabenen.<\/p>\n","protected":false},"featured_media":0,"template":"","meta":{"_acf_changed":false},"product_brand":[692],"product_cat":[317],"product_tag":[],"class_list":{"0":"post-17164","1":"product","2":"type-product","3":"status-publish","5":"product_brand-la-roche-posay","6":"product_cat-l","7":"pa_packungsgroesse-125ml","9":"first","10":"instock","11":"shipping-taxable","12":"purchasable","13":"product-type-simple"},"acf":[],"_links":{"self":[{"href":"https:\/\/www.hirtenberg-apotheke.at\/katalog\/wp-json\/wp\/v2\/product\/17164","targetHints":{"allow":["GET"]}}],"collection":[{"href":"https:\/\/www.hirtenberg-apotheke.at\/katalog\/wp-json\/wp\/v2\/product"}],"about":[{"href":"https:\/\/www.hirtenberg-apotheke.at\/katalog\/wp-json\/wp\/v2\/types\/product"}],"wp:attachment":[{"href":"https:\/\/www.hirtenberg-apotheke.at\/katalog\/wp-json\/wp\/v2\/media?parent=17164"}],"wp:term":[{"taxonomy":"product_brand","embeddable":true,"href":"https:\/\/www.hirtenberg-apotheke.at\/katalog\/wp-json\/wp\/v2\/product_brand?post=17164"},{"taxonomy":"product_cat","embeddable":true,"href":"https:\/\/www.hirtenberg-apotheke.at\/katalog\/wp-json\/wp\/v2\/product_cat?post=17164"},{"taxonomy":"product_tag","embeddable":true,"href":"https:\/\/www.hirtenberg-apotheke.at\/katalog\/wp-json\/wp\/v2\/product_tag?post=17164"}],"curies":[{"name":"wp","href":"https:\/\/api.w.org\/{rel}","templated":true}]}}