{"id":17219,"date":"2025-11-25T17:22:31","date_gmt":"2025-11-25T16:22:31","guid":{"rendered":"https:\/\/www.hirtenberg-apotheke.at\/katalog\/produkt\/dr-hauschka-gesicht-waschcreme-50-ml\/"},"modified":"2025-11-25T17:22:33","modified_gmt":"2025-11-25T16:22:33","slug":"dr-hauschka-gesicht-waschcreme-50-ml","status":"publish","type":"product","link":"https:\/\/www.hirtenberg-apotheke.at\/katalog\/produkt\/dr-hauschka-gesicht-waschcreme-50-ml\/","title":{"rendered":"Dr. Hauschka Gesicht Waschcreme 50 ml"},"content":{"rendered":"<p>Dr. Hauschka Gesichtswaschcreme belebt und erfrischt die Haut auf milde Weise. Zus\u00e4tzlich wirkt sie porenverfeinernd, ausscheidungsf\u00f6rdernd und kl\u00e4rend.<\/p>\n","protected":false},"excerpt":{"rendered":"<p>Dr. Hauschka Gesichtswaschcreme belebt und erfrischt die Haut auf milde Weise. Zus\u00e4tzlich wirkt sie porenverfeinernd, ausscheidungsf\u00f6rdernd und kl\u00e4rend.<\/p>\n","protected":false},"featured_media":0,"template":"","meta":{"_acf_changed":false},"product_brand":[695],"product_cat":[295],"product_tag":[],"class_list":{"0":"post-17219","1":"product","2":"type-product","3":"status-publish","5":"product_brand-dr-hauschka","6":"product_cat-d","7":"pa_packungsgroesse-50ml","9":"first","10":"instock","11":"shipping-taxable","12":"purchasable","13":"product-type-simple"},"acf":[],"_links":{"self":[{"href":"https:\/\/www.hirtenberg-apotheke.at\/katalog\/wp-json\/wp\/v2\/product\/17219","targetHints":{"allow":["GET"]}}],"collection":[{"href":"https:\/\/www.hirtenberg-apotheke.at\/katalog\/wp-json\/wp\/v2\/product"}],"about":[{"href":"https:\/\/www.hirtenberg-apotheke.at\/katalog\/wp-json\/wp\/v2\/types\/product"}],"wp:attachment":[{"href":"https:\/\/www.hirtenberg-apotheke.at\/katalog\/wp-json\/wp\/v2\/media?parent=17219"}],"wp:term":[{"taxonomy":"product_brand","embeddable":true,"href":"https:\/\/www.hirtenberg-apotheke.at\/katalog\/wp-json\/wp\/v2\/product_brand?post=17219"},{"taxonomy":"product_cat","embeddable":true,"href":"https:\/\/www.hirtenberg-apotheke.at\/katalog\/wp-json\/wp\/v2\/product_cat?post=17219"},{"taxonomy":"product_tag","embeddable":true,"href":"https:\/\/www.hirtenberg-apotheke.at\/katalog\/wp-json\/wp\/v2\/product_tag?post=17219"}],"curies":[{"name":"wp","href":"https:\/\/api.w.org\/{rel}","templated":true}]}}