{"id":17409,"date":"2025-11-25T17:24:21","date_gmt":"2025-11-25T16:24:21","guid":{"rendered":"https:\/\/www.hirtenberg-apotheke.at\/katalog\/produkt\/eucerin-dermatoclean-sanfte-reinigungsmilch-fuer-trockene-und-empfindliche-haut\/"},"modified":"2025-11-25T17:24:28","modified_gmt":"2025-11-25T16:24:28","slug":"eucerin-dermatoclean-sanfte-reinigungsmilch-fuer-trockene-und-empfindliche-haut","status":"publish","type":"product","link":"https:\/\/www.hirtenberg-apotheke.at\/katalog\/produkt\/eucerin-dermatoclean-sanfte-reinigungsmilch-fuer-trockene-und-empfindliche-haut\/","title":{"rendered":"Eucerin DERMATOCLEAN sanfte Reinigungsmilch f\u00fcr trockene und empfindliche Haut"},"content":{"rendered":"<p>Eucerin DermatoCLEAN sanfte Reinigungsmilch reinigt die Haut mit Ihrem sehr wirksamen und besonders milden Reinigungskomplex. Die Formel mit naturidentischen Wirkstoffen reinigt effektiv und bewahrt die Haut vor dem Austrocken. Die Haut f\u00fchlt sich gr\u00fcndlich gereinigt, sp\u00fcrbar zart und geschmeidig an. Die Haut kann frei atmen und ist optimal auf die anschlie\u00dfende Pflege vorbereitet.<\/p>\n","protected":false},"excerpt":{"rendered":"<p>Eucerin DermatoCLEAN sanfte Reinigungsmilch reinigt die Haut mit Ihrem sehr wirksamen und besonders milden Reinigungskomplex. Die Formel mit naturidentischen Wirkstoffen reinigt effektiv und bewahrt die Haut vor dem Austrocken. Die Haut f\u00fchlt sich gr\u00fcndlich gereinigt, sp\u00fcrbar zart und geschmeidig an. Die Haut kann frei atmen und ist optimal auf die anschlie\u00dfende Pflege vorbereitet.<\/p>\n","protected":false},"featured_media":17411,"template":"","meta":{"_acf_changed":false},"product_brand":[694],"product_cat":[307],"product_tag":[],"class_list":{"0":"post-17409","1":"product","2":"type-product","3":"status-publish","4":"has-post-thumbnail","6":"product_brand-eucerin","7":"product_cat-e","8":"pa_packungsgroesse-200ml","10":"first","11":"instock","12":"shipping-taxable","13":"purchasable","14":"product-type-simple"},"acf":[],"_links":{"self":[{"href":"https:\/\/www.hirtenberg-apotheke.at\/katalog\/wp-json\/wp\/v2\/product\/17409","targetHints":{"allow":["GET"]}}],"collection":[{"href":"https:\/\/www.hirtenberg-apotheke.at\/katalog\/wp-json\/wp\/v2\/product"}],"about":[{"href":"https:\/\/www.hirtenberg-apotheke.at\/katalog\/wp-json\/wp\/v2\/types\/product"}],"wp:featuredmedia":[{"embeddable":true,"href":"https:\/\/www.hirtenberg-apotheke.at\/katalog\/wp-json\/wp\/v2\/media\/17411"}],"wp:attachment":[{"href":"https:\/\/www.hirtenberg-apotheke.at\/katalog\/wp-json\/wp\/v2\/media?parent=17409"}],"wp:term":[{"taxonomy":"product_brand","embeddable":true,"href":"https:\/\/www.hirtenberg-apotheke.at\/katalog\/wp-json\/wp\/v2\/product_brand?post=17409"},{"taxonomy":"product_cat","embeddable":true,"href":"https:\/\/www.hirtenberg-apotheke.at\/katalog\/wp-json\/wp\/v2\/product_cat?post=17409"},{"taxonomy":"product_tag","embeddable":true,"href":"https:\/\/www.hirtenberg-apotheke.at\/katalog\/wp-json\/wp\/v2\/product_tag?post=17409"}],"curies":[{"name":"wp","href":"https:\/\/api.w.org\/{rel}","templated":true}]}}