{"id":17604,"date":"2025-11-25T17:26:53","date_gmt":"2025-11-25T16:26:53","guid":{"rendered":"https:\/\/www.hirtenberg-apotheke.at\/katalog\/produkt\/eucerin-atopicontrol-12-omega-creme\/"},"modified":"2025-11-25T17:26:57","modified_gmt":"2025-11-25T16:26:57","slug":"eucerin-atopicontrol-12-omega-creme","status":"publish","type":"product","link":"https:\/\/www.hirtenberg-apotheke.at\/katalog\/produkt\/eucerin-atopicontrol-12-omega-creme\/","title":{"rendered":"Eucerin ATOPICONTROL 12% Omega Creme"},"content":{"rendered":"<p>Eucerin AtopiControl Creme ist eine reichhaltige Basispflege f\u00fcr den t\u00e4glichen Gebrauch, f\u00fcr besonders betroffene Bereiche wie die Ellbogen- und Kniebeugen. Sie ist geeignet f\u00fcr atopische Haut in symptomfreien Phasen und kann bei einem akuten Schub als begleitende Pflege verwendet werden<\/p>\n","protected":false},"excerpt":{"rendered":"<p>Eucerin AtopiControl Creme ist eine reichhaltige Basispflege f\u00fcr den t\u00e4glichen Gebrauch, f\u00fcr besonders betroffene Bereiche wie die Ellbogen- und Kniebeugen. Sie ist geeignet f\u00fcr atopische Haut in symptomfreien Phasen und kann bei einem akuten Schub als begleitende Pflege verwendet werden<\/p>\n","protected":false},"featured_media":0,"template":"","meta":{"_acf_changed":false},"product_brand":[694],"product_cat":[307],"product_tag":[],"class_list":{"0":"post-17604","1":"product","2":"type-product","3":"status-publish","5":"product_brand-eucerin","6":"product_cat-e","7":"pa_packungsgroesse-75ml","9":"first","10":"instock","11":"shipping-taxable","12":"purchasable","13":"product-type-simple"},"acf":[],"_links":{"self":[{"href":"https:\/\/www.hirtenberg-apotheke.at\/katalog\/wp-json\/wp\/v2\/product\/17604","targetHints":{"allow":["GET"]}}],"collection":[{"href":"https:\/\/www.hirtenberg-apotheke.at\/katalog\/wp-json\/wp\/v2\/product"}],"about":[{"href":"https:\/\/www.hirtenberg-apotheke.at\/katalog\/wp-json\/wp\/v2\/types\/product"}],"wp:attachment":[{"href":"https:\/\/www.hirtenberg-apotheke.at\/katalog\/wp-json\/wp\/v2\/media?parent=17604"}],"wp:term":[{"taxonomy":"product_brand","embeddable":true,"href":"https:\/\/www.hirtenberg-apotheke.at\/katalog\/wp-json\/wp\/v2\/product_brand?post=17604"},{"taxonomy":"product_cat","embeddable":true,"href":"https:\/\/www.hirtenberg-apotheke.at\/katalog\/wp-json\/wp\/v2\/product_cat?post=17604"},{"taxonomy":"product_tag","embeddable":true,"href":"https:\/\/www.hirtenberg-apotheke.at\/katalog\/wp-json\/wp\/v2\/product_tag?post=17604"}],"curies":[{"name":"wp","href":"https:\/\/api.w.org\/{rel}","templated":true}]}}