{"id":17681,"date":"2025-11-25T17:27:45","date_gmt":"2025-11-25T16:27:45","guid":{"rendered":"https:\/\/www.hirtenberg-apotheke.at\/katalog\/produkt\/eucerin-urea-nachtcreme-hautglaettend-mit-urea-5-fuer-trockene-haut\/"},"modified":"2025-11-25T17:27:50","modified_gmt":"2025-11-25T16:27:50","slug":"eucerin-urea-nachtcreme-hautglaettend-mit-urea-5-fuer-trockene-haut","status":"publish","type":"product","link":"https:\/\/www.hirtenberg-apotheke.at\/katalog\/produkt\/eucerin-urea-nachtcreme-hautglaettend-mit-urea-5-fuer-trockene-haut\/","title":{"rendered":"Eucerin UREA Nachtcreme hautgl\u00e4ttend mit Urea 5% f\u00fcr trockene Haut"},"content":{"rendered":"<p>Eucerin 5% Urea Repair Nacht Gesichtscreme &#8211; Zur t\u00e4glichen abendlichen Pflege bei trockener, gespannter, rauer und schuppiger Gesichtshaut. Die schnell einziehende \u00d6l-in-Wasser Emulsion wirkt intensiv pflegend und sch\u00fctzend. Ceramid-3 unterst\u00fctz die Regeneration der Hautbarriere auf nat\u00fcrliche Weise. Das Spannungsgef\u00fchl wird sp\u00fcrbar vermindert und die Gesichtshaut wird wieder glatt, zart und gepflegt.<\/p>\n","protected":false},"excerpt":{"rendered":"<p>Eucerin 5% Urea Repair Nacht Gesichtscreme &#8211; Zur t\u00e4glichen abendlichen Pflege bei trockener, gespannter, rauer und schuppiger Gesichtshaut. Die schnell einziehende \u00d6l-in-Wasser Emulsion wirkt intensiv pflegend und sch\u00fctzend. Ceramid-3 unterst\u00fctz die Regeneration der Hautbarriere auf nat\u00fcrliche Weise. Das Spannungsgef\u00fchl wird sp\u00fcrbar vermindert und die Gesichtshaut wird wieder glatt, zart und gepflegt.<\/p>\n","protected":false},"featured_media":17683,"template":"","meta":{"_acf_changed":false},"product_brand":[694],"product_cat":[307],"product_tag":[],"class_list":{"0":"post-17681","1":"product","2":"type-product","3":"status-publish","4":"has-post-thumbnail","6":"product_brand-eucerin","7":"product_cat-e","8":"pa_packungsgroesse-50ml","10":"first","11":"instock","12":"shipping-taxable","13":"purchasable","14":"product-type-simple"},"acf":[],"_links":{"self":[{"href":"https:\/\/www.hirtenberg-apotheke.at\/katalog\/wp-json\/wp\/v2\/product\/17681","targetHints":{"allow":["GET"]}}],"collection":[{"href":"https:\/\/www.hirtenberg-apotheke.at\/katalog\/wp-json\/wp\/v2\/product"}],"about":[{"href":"https:\/\/www.hirtenberg-apotheke.at\/katalog\/wp-json\/wp\/v2\/types\/product"}],"wp:featuredmedia":[{"embeddable":true,"href":"https:\/\/www.hirtenberg-apotheke.at\/katalog\/wp-json\/wp\/v2\/media\/17683"}],"wp:attachment":[{"href":"https:\/\/www.hirtenberg-apotheke.at\/katalog\/wp-json\/wp\/v2\/media?parent=17681"}],"wp:term":[{"taxonomy":"product_brand","embeddable":true,"href":"https:\/\/www.hirtenberg-apotheke.at\/katalog\/wp-json\/wp\/v2\/product_brand?post=17681"},{"taxonomy":"product_cat","embeddable":true,"href":"https:\/\/www.hirtenberg-apotheke.at\/katalog\/wp-json\/wp\/v2\/product_cat?post=17681"},{"taxonomy":"product_tag","embeddable":true,"href":"https:\/\/www.hirtenberg-apotheke.at\/katalog\/wp-json\/wp\/v2\/product_tag?post=17681"}],"curies":[{"name":"wp","href":"https:\/\/api.w.org\/{rel}","templated":true}]}}