{"id":17716,"date":"2025-11-25T17:28:11","date_gmt":"2025-11-25T16:28:11","guid":{"rendered":"https:\/\/www.hirtenberg-apotheke.at\/katalog\/produkt\/eucerin-aquaporin-active-feuchtigkeitspflege-mit-lsf-25-uva-schutz\/"},"modified":"2025-11-25T17:28:15","modified_gmt":"2025-11-25T16:28:15","slug":"eucerin-aquaporin-active-feuchtigkeitspflege-mit-lsf-25-uva-schutz","status":"publish","type":"product","link":"https:\/\/www.hirtenberg-apotheke.at\/katalog\/produkt\/eucerin-aquaporin-active-feuchtigkeitspflege-mit-lsf-25-uva-schutz\/","title":{"rendered":"Eucerin AQUAporin ACTIVE Feuchtigkeitspflege mit LSF 25+ UVA-Schutz"},"content":{"rendered":"<p>Eucerin AquaPorin Active Feuchtigkeitspflege mit LSF 25+ UVA-Schutz versorgt empfindliche Gesichtshaut intensiv und langanhaltend mit Feuchtigkeit. Ein ausgeglichener Feuchtigkeitshaushalt ist essentiell f\u00fcr eine geschmeidige, weiche und strahlend sch\u00f6ne Haut. Aquaporin Active f\u00f6rdert mit naturidentischem Gluco-Glycerol die Aktivierung der hauteigenen Feuchtigkeitskan\u00e4le, der Aquaporine. Das Feuchtigkeitsnetzwerk dieser Aquaporine unterst\u00fctzt den Ausgleich des Feuchtigkeitshaushaltes der Haut von innen heraus. Spannungsgef\u00fchle werden gelindert und die Haut ist 24h intensiv mit Feuchtigkeit versorgt &#8211; jetzt online bestellen und bares Geld sparen!<\/p>\n","protected":false},"excerpt":{"rendered":"<p>Eucerin AquaPorin Active Feuchtigkeitspflege mit LSF 25+ UVA-Schutz versorgt empfindliche Gesichtshaut intensiv und langanhaltend mit Feuchtigkeit. Ein ausgeglichener Feuchtigkeitshaushalt ist essentiell f\u00fcr eine geschmeidige, weiche und strahlend sch\u00f6ne Haut. Aquaporin Active f\u00f6rdert mit naturidentischem Gluco-Glycerol die Aktivierung der hauteigenen Feuchtigkeitskan\u00e4le, der Aquaporine. Das Feuchtigkeitsnetzwerk dieser Aquaporine unterst\u00fctzt den Ausgleich des Feuchtigkeitshaushaltes der Haut von innen [&hellip;]<\/p>\n","protected":false},"featured_media":0,"template":"","meta":{"_acf_changed":false},"product_brand":[694],"product_cat":[307],"product_tag":[],"class_list":{"0":"post-17716","1":"product","2":"type-product","3":"status-publish","5":"product_brand-eucerin","6":"product_cat-e","7":"pa_packungsgroesse-50ml","9":"first","10":"instock","11":"shipping-taxable","12":"purchasable","13":"product-type-simple"},"acf":[],"_links":{"self":[{"href":"https:\/\/www.hirtenberg-apotheke.at\/katalog\/wp-json\/wp\/v2\/product\/17716","targetHints":{"allow":["GET"]}}],"collection":[{"href":"https:\/\/www.hirtenberg-apotheke.at\/katalog\/wp-json\/wp\/v2\/product"}],"about":[{"href":"https:\/\/www.hirtenberg-apotheke.at\/katalog\/wp-json\/wp\/v2\/types\/product"}],"wp:attachment":[{"href":"https:\/\/www.hirtenberg-apotheke.at\/katalog\/wp-json\/wp\/v2\/media?parent=17716"}],"wp:term":[{"taxonomy":"product_brand","embeddable":true,"href":"https:\/\/www.hirtenberg-apotheke.at\/katalog\/wp-json\/wp\/v2\/product_brand?post=17716"},{"taxonomy":"product_cat","embeddable":true,"href":"https:\/\/www.hirtenberg-apotheke.at\/katalog\/wp-json\/wp\/v2\/product_cat?post=17716"},{"taxonomy":"product_tag","embeddable":true,"href":"https:\/\/www.hirtenberg-apotheke.at\/katalog\/wp-json\/wp\/v2\/product_tag?post=17716"}],"curies":[{"name":"wp","href":"https:\/\/api.w.org\/{rel}","templated":true}]}}