{"id":18522,"date":"2025-11-25T17:36:41","date_gmt":"2025-11-25T16:36:41","guid":{"rendered":"https:\/\/www.hirtenberg-apotheke.at\/katalog\/produkt\/la-roche-posay-respectissime-intense-eye-liner-1-stk\/"},"modified":"2025-11-25T17:36:44","modified_gmt":"2025-11-25T16:36:44","slug":"la-roche-posay-respectissime-intense-eye-liner-1-stk","status":"publish","type":"product","link":"https:\/\/www.hirtenberg-apotheke.at\/katalog\/produkt\/la-roche-posay-respectissime-intense-eye-liner-1-stk\/","title":{"rendered":"La Roche-Posay Respectissime Intense Eye-Liner 1 Stk."},"content":{"rendered":"<p>Angereichert mit einem speziellen Haftfilm, h\u00e4lt der Lidstrich \u00fcber Stunden, bleibt farbintensiv und zerflie\u00dft nicht. Mit h\u00f6chstm\u00f6glichem Reinheitsgrad der Pigmente. Getestet an Frauen mit empfindlichen Augen und Kontaktlinsentr\u00e4gerinnen. Hohe Vertr\u00e4glichkeit. Ohne Duftstoffe.<\/p>\n","protected":false},"excerpt":{"rendered":"<p>Angereichert mit einem speziellen Haftfilm, h\u00e4lt der Lidstrich \u00fcber Stunden, bleibt farbintensiv und zerflie\u00dft nicht. Mit h\u00f6chstm\u00f6glichem Reinheitsgrad der Pigmente. Getestet an Frauen mit empfindlichen Augen und Kontaktlinsentr\u00e4gerinnen. Hohe Vertr\u00e4glichkeit. Ohne Duftstoffe.<\/p>\n","protected":false},"featured_media":18524,"template":"","meta":{"_acf_changed":false},"product_brand":[692],"product_cat":[317],"product_tag":[],"class_list":{"0":"post-18522","1":"product","2":"type-product","3":"status-publish","4":"has-post-thumbnail","6":"product_brand-la-roche-posay","7":"product_cat-l","8":"pa_packungsgroesse-1-stueck","10":"first","11":"instock","12":"shipping-taxable","13":"purchasable","14":"product-type-simple"},"acf":[],"_links":{"self":[{"href":"https:\/\/www.hirtenberg-apotheke.at\/katalog\/wp-json\/wp\/v2\/product\/18522","targetHints":{"allow":["GET"]}}],"collection":[{"href":"https:\/\/www.hirtenberg-apotheke.at\/katalog\/wp-json\/wp\/v2\/product"}],"about":[{"href":"https:\/\/www.hirtenberg-apotheke.at\/katalog\/wp-json\/wp\/v2\/types\/product"}],"wp:featuredmedia":[{"embeddable":true,"href":"https:\/\/www.hirtenberg-apotheke.at\/katalog\/wp-json\/wp\/v2\/media\/18524"}],"wp:attachment":[{"href":"https:\/\/www.hirtenberg-apotheke.at\/katalog\/wp-json\/wp\/v2\/media?parent=18522"}],"wp:term":[{"taxonomy":"product_brand","embeddable":true,"href":"https:\/\/www.hirtenberg-apotheke.at\/katalog\/wp-json\/wp\/v2\/product_brand?post=18522"},{"taxonomy":"product_cat","embeddable":true,"href":"https:\/\/www.hirtenberg-apotheke.at\/katalog\/wp-json\/wp\/v2\/product_cat?post=18522"},{"taxonomy":"product_tag","embeddable":true,"href":"https:\/\/www.hirtenberg-apotheke.at\/katalog\/wp-json\/wp\/v2\/product_tag?post=18522"}],"curies":[{"name":"wp","href":"https:\/\/api.w.org\/{rel}","templated":true}]}}