{"id":18547,"date":"2025-11-25T17:36:49","date_gmt":"2025-11-25T16:36:49","guid":{"rendered":"https:\/\/www.hirtenberg-apotheke.at\/katalog\/produkt\/vichy-neovadiol-gf-creme-fuer-trockene-haut\/"},"modified":"2025-11-25T17:36:57","modified_gmt":"2025-11-25T16:36:57","slug":"vichy-neovadiol-gf-creme-fuer-trockene-haut","status":"publish","type":"product","link":"https:\/\/www.hirtenberg-apotheke.at\/katalog\/produkt\/vichy-neovadiol-gf-creme-fuer-trockene-haut\/","title":{"rendered":"Vichy NEOVADIOL GF Creme f\u00fcr trockene Haut"},"content":{"rendered":"<p>VICHY\u00ae Neovadiol Gf ist eine spezielle Tagespflege f\u00fcr normale bis Mischhaut mit Anti-Aging-Wirkung. Speziell nach oder w\u00e4hrend der Menopause geeignet, denn die abnehmende Hormonaktivit\u00e4t beeinflusst die Haut.<\/p>\n","protected":false},"excerpt":{"rendered":"<p>VICHY\u00ae Neovadiol Gf ist eine spezielle Tagespflege f\u00fcr normale bis Mischhaut mit Anti-Aging-Wirkung. Speziell nach oder w\u00e4hrend der Menopause geeignet, denn die abnehmende Hormonaktivit\u00e4t beeinflusst die Haut.<\/p>\n","protected":false},"featured_media":18549,"template":"","meta":{"_acf_changed":false},"product_brand":[691],"product_cat":[300],"product_tag":[],"class_list":{"0":"post-18547","1":"product","2":"type-product","3":"status-publish","4":"has-post-thumbnail","6":"product_brand-vichy","7":"product_cat-v","8":"pa_packungsgroesse-50ml","10":"first","11":"instock","12":"shipping-taxable","13":"purchasable","14":"product-type-simple"},"acf":[],"_links":{"self":[{"href":"https:\/\/www.hirtenberg-apotheke.at\/katalog\/wp-json\/wp\/v2\/product\/18547","targetHints":{"allow":["GET"]}}],"collection":[{"href":"https:\/\/www.hirtenberg-apotheke.at\/katalog\/wp-json\/wp\/v2\/product"}],"about":[{"href":"https:\/\/www.hirtenberg-apotheke.at\/katalog\/wp-json\/wp\/v2\/types\/product"}],"wp:featuredmedia":[{"embeddable":true,"href":"https:\/\/www.hirtenberg-apotheke.at\/katalog\/wp-json\/wp\/v2\/media\/18549"}],"wp:attachment":[{"href":"https:\/\/www.hirtenberg-apotheke.at\/katalog\/wp-json\/wp\/v2\/media?parent=18547"}],"wp:term":[{"taxonomy":"product_brand","embeddable":true,"href":"https:\/\/www.hirtenberg-apotheke.at\/katalog\/wp-json\/wp\/v2\/product_brand?post=18547"},{"taxonomy":"product_cat","embeddable":true,"href":"https:\/\/www.hirtenberg-apotheke.at\/katalog\/wp-json\/wp\/v2\/product_cat?post=18547"},{"taxonomy":"product_tag","embeddable":true,"href":"https:\/\/www.hirtenberg-apotheke.at\/katalog\/wp-json\/wp\/v2\/product_tag?post=18547"}],"curies":[{"name":"wp","href":"https:\/\/api.w.org\/{rel}","templated":true}]}}