{"id":18568,"date":"2025-11-25T17:37:00","date_gmt":"2025-11-25T16:37:00","guid":{"rendered":"https:\/\/www.hirtenberg-apotheke.at\/katalog\/produkt\/medipharma-cosmetics-olivenoel-vitalfrisch-50-ml-nachtpflege\/"},"modified":"2025-11-25T17:37:10","modified_gmt":"2025-11-25T16:37:10","slug":"medipharma-cosmetics-olivenoel-vitalfrisch-50-ml-nachtpflege","status":"publish","type":"product","link":"https:\/\/www.hirtenberg-apotheke.at\/katalog\/produkt\/medipharma-cosmetics-olivenoel-vitalfrisch-50-ml-nachtpflege\/","title":{"rendered":"Medipharma Cosmetics Oliven\u00f6l Vitalfrisch 50 ml Nachtpflege"},"content":{"rendered":"<p>Medipharma Cosmetics Oliven\u00f6l Vitalfrisch ist eine Pflege, welche ein Aktiv-Depot ausgew\u00e4hlter Inhaltsstoffe enth\u00e4lt. Die Creme ist somit vor allem f\u00fcr die Pflege von trockener und empfindlicher Haut geeignet. Mit diesem Produkt f\u00fchlt sich Ihre Haut wieder zart, geschmeidig und straff an.<\/p>\n","protected":false},"excerpt":{"rendered":"<p>Medipharma Cosmetics Oliven\u00f6l Vitalfrisch ist eine Pflege, welche ein Aktiv-Depot ausgew\u00e4hlter Inhaltsstoffe enth\u00e4lt. Die Creme ist somit vor allem f\u00fcr die Pflege von trockener und empfindlicher Haut geeignet. Mit diesem Produkt f\u00fchlt sich Ihre Haut wieder zart, geschmeidig und straff an.<\/p>\n","protected":false},"featured_media":18570,"template":"","meta":{"_acf_changed":false},"product_brand":[701],"product_cat":[308],"product_tag":[],"class_list":{"0":"post-18568","1":"product","2":"type-product","3":"status-publish","4":"has-post-thumbnail","6":"product_brand-olivenoel-theiss","7":"product_cat-m","8":"pa_packungsgroesse-50ml","10":"first","11":"instock","12":"shipping-taxable","13":"purchasable","14":"product-type-simple"},"acf":[],"_links":{"self":[{"href":"https:\/\/www.hirtenberg-apotheke.at\/katalog\/wp-json\/wp\/v2\/product\/18568","targetHints":{"allow":["GET"]}}],"collection":[{"href":"https:\/\/www.hirtenberg-apotheke.at\/katalog\/wp-json\/wp\/v2\/product"}],"about":[{"href":"https:\/\/www.hirtenberg-apotheke.at\/katalog\/wp-json\/wp\/v2\/types\/product"}],"wp:featuredmedia":[{"embeddable":true,"href":"https:\/\/www.hirtenberg-apotheke.at\/katalog\/wp-json\/wp\/v2\/media\/18570"}],"wp:attachment":[{"href":"https:\/\/www.hirtenberg-apotheke.at\/katalog\/wp-json\/wp\/v2\/media?parent=18568"}],"wp:term":[{"taxonomy":"product_brand","embeddable":true,"href":"https:\/\/www.hirtenberg-apotheke.at\/katalog\/wp-json\/wp\/v2\/product_brand?post=18568"},{"taxonomy":"product_cat","embeddable":true,"href":"https:\/\/www.hirtenberg-apotheke.at\/katalog\/wp-json\/wp\/v2\/product_cat?post=18568"},{"taxonomy":"product_tag","embeddable":true,"href":"https:\/\/www.hirtenberg-apotheke.at\/katalog\/wp-json\/wp\/v2\/product_tag?post=18568"}],"curies":[{"name":"wp","href":"https:\/\/api.w.org\/{rel}","templated":true}]}}