{"id":18828,"date":"2025-11-25T17:39:28","date_gmt":"2025-11-25T16:39:28","guid":{"rendered":"https:\/\/www.hirtenberg-apotheke.at\/katalog\/produkt\/lierac-sunissime-apres-soleil-feuchtigkeitsbalsam-40-ml\/"},"modified":"2025-11-25T17:39:38","modified_gmt":"2025-11-25T16:39:38","slug":"lierac-sunissime-apres-soleil-feuchtigkeitsbalsam-40-ml","status":"publish","type":"product","link":"https:\/\/www.hirtenberg-apotheke.at\/katalog\/produkt\/lierac-sunissime-apres-soleil-feuchtigkeitsbalsam-40-ml\/","title":{"rendered":"Lierac Sunissime Apr\u00e8s-Soleil Feuchtigkeitsbalsam 40 ml"},"content":{"rendered":"<p>Lierac Sunissime Apr\u00e8s-Soleil Feuchtigkeitsbalsam 40 ml vereint eine intensiv beruhigende Pflegewirkung und eine sch\u00f6ne Br\u00e4unung ohne Pigmentst\u00f6rungen. Basierend auf Omega 3 und 9, Hamamelisextrakt, Hyalurons\u00e4ure und einem br\u00e4unungsaktivierenden Peptid, reduziert die aktivierende Textur die Hauttemperatur und sorgt f\u00fcr eine sofortige beruhigende Wirkung &#8211; wir f\u00fchren alle Produkte von LIERAC zu Sonderpreisen!<\/p>\n","protected":false},"excerpt":{"rendered":"<p>Lierac Sunissime Apr\u00e8s-Soleil Feuchtigkeitsbalsam 40 ml vereint eine intensiv beruhigende Pflegewirkung und eine sch\u00f6ne Br\u00e4unung ohne Pigmentst\u00f6rungen. Basierend auf Omega 3 und 9, Hamamelisextrakt, Hyalurons\u00e4ure und einem br\u00e4unungsaktivierenden Peptid, reduziert die aktivierende Textur die Hauttemperatur und sorgt f\u00fcr eine sofortige beruhigende Wirkung &#8211; wir f\u00fchren alle Produkte von LIERAC zu Sonderpreisen!<\/p>\n","protected":false},"featured_media":18830,"template":"","meta":{"_acf_changed":false},"product_brand":[724],"product_cat":[317],"product_tag":[],"class_list":{"0":"post-18828","1":"product","2":"type-product","3":"status-publish","4":"has-post-thumbnail","6":"product_brand-lierac","7":"product_cat-l","8":"pa_packungsgroesse-40ml","10":"first","11":"instock","12":"shipping-taxable","13":"purchasable","14":"product-type-simple"},"acf":[],"_links":{"self":[{"href":"https:\/\/www.hirtenberg-apotheke.at\/katalog\/wp-json\/wp\/v2\/product\/18828","targetHints":{"allow":["GET"]}}],"collection":[{"href":"https:\/\/www.hirtenberg-apotheke.at\/katalog\/wp-json\/wp\/v2\/product"}],"about":[{"href":"https:\/\/www.hirtenberg-apotheke.at\/katalog\/wp-json\/wp\/v2\/types\/product"}],"wp:featuredmedia":[{"embeddable":true,"href":"https:\/\/www.hirtenberg-apotheke.at\/katalog\/wp-json\/wp\/v2\/media\/18830"}],"wp:attachment":[{"href":"https:\/\/www.hirtenberg-apotheke.at\/katalog\/wp-json\/wp\/v2\/media?parent=18828"}],"wp:term":[{"taxonomy":"product_brand","embeddable":true,"href":"https:\/\/www.hirtenberg-apotheke.at\/katalog\/wp-json\/wp\/v2\/product_brand?post=18828"},{"taxonomy":"product_cat","embeddable":true,"href":"https:\/\/www.hirtenberg-apotheke.at\/katalog\/wp-json\/wp\/v2\/product_cat?post=18828"},{"taxonomy":"product_tag","embeddable":true,"href":"https:\/\/www.hirtenberg-apotheke.at\/katalog\/wp-json\/wp\/v2\/product_tag?post=18828"}],"curies":[{"name":"wp","href":"https:\/\/api.w.org\/{rel}","templated":true}]}}