{"id":18923,"date":"2025-11-25T17:40:26","date_gmt":"2025-11-25T16:40:26","guid":{"rendered":"https:\/\/www.hirtenberg-apotheke.at\/katalog\/produkt\/cutano-pflegecreme-50-ml\/"},"modified":"2025-11-25T17:40:30","modified_gmt":"2025-11-25T16:40:30","slug":"cutano-pflegecreme-50-ml","status":"publish","type":"product","link":"https:\/\/www.hirtenberg-apotheke.at\/katalog\/produkt\/cutano-pflegecreme-50-ml\/","title":{"rendered":"Cutano Pflegecreme 50 ml"},"content":{"rendered":"<p>Cutano Pflegecreme gibt Ihrem Gesicht genau das, was es braucht. Die spezielle Wasser-in-\u00d6l-Emulsion dringt schnell in die Haut ein, reguliert den Feucht-Fett-Haushalt und erg\u00e4nzt das nat\u00fcrliche Hautfett. Sie eignet sich auch hervorragend zur Pflege zarter Baby- und Kinderhaut. Um den optimalen Effekt zu erzielen, wird die Pflegecreme am besten sofort nach dem Waschen sanft, aber gr\u00fcndlich einmassiert.<\/p>\n","protected":false},"excerpt":{"rendered":"<p>Cutano Pflegecreme gibt Ihrem Gesicht genau das, was es braucht. Die spezielle Wasser-in-\u00d6l-Emulsion dringt schnell in die Haut ein, reguliert den Feucht-Fett-Haushalt und erg\u00e4nzt das nat\u00fcrliche Hautfett. Sie eignet sich auch hervorragend zur Pflege zarter Baby- und Kinderhaut. Um den optimalen Effekt zu erzielen, wird die Pflegecreme am besten sofort nach dem Waschen sanft, aber [&hellip;]<\/p>\n","protected":false},"featured_media":18925,"template":"","meta":{"_acf_changed":false},"product_brand":[],"product_cat":[337],"product_tag":[],"class_list":{"0":"post-18923","1":"product","2":"type-product","3":"status-publish","4":"has-post-thumbnail","6":"product_cat-c","7":"pa_packungsgroesse-50ml","9":"first","10":"instock","11":"shipping-taxable","12":"purchasable","13":"product-type-simple"},"acf":[],"_links":{"self":[{"href":"https:\/\/www.hirtenberg-apotheke.at\/katalog\/wp-json\/wp\/v2\/product\/18923","targetHints":{"allow":["GET"]}}],"collection":[{"href":"https:\/\/www.hirtenberg-apotheke.at\/katalog\/wp-json\/wp\/v2\/product"}],"about":[{"href":"https:\/\/www.hirtenberg-apotheke.at\/katalog\/wp-json\/wp\/v2\/types\/product"}],"wp:featuredmedia":[{"embeddable":true,"href":"https:\/\/www.hirtenberg-apotheke.at\/katalog\/wp-json\/wp\/v2\/media\/18925"}],"wp:attachment":[{"href":"https:\/\/www.hirtenberg-apotheke.at\/katalog\/wp-json\/wp\/v2\/media?parent=18923"}],"wp:term":[{"taxonomy":"product_brand","embeddable":true,"href":"https:\/\/www.hirtenberg-apotheke.at\/katalog\/wp-json\/wp\/v2\/product_brand?post=18923"},{"taxonomy":"product_cat","embeddable":true,"href":"https:\/\/www.hirtenberg-apotheke.at\/katalog\/wp-json\/wp\/v2\/product_cat?post=18923"},{"taxonomy":"product_tag","embeddable":true,"href":"https:\/\/www.hirtenberg-apotheke.at\/katalog\/wp-json\/wp\/v2\/product_tag?post=18923"}],"curies":[{"name":"wp","href":"https:\/\/api.w.org\/{rel}","templated":true}]}}