{"id":19458,"date":"2025-11-25T18:43:00","date_gmt":"2025-11-25T17:43:00","guid":{"rendered":"https:\/\/www.hirtenberg-apotheke.at\/katalog\/produkt\/rausch-weizenkeim-naehr-spuelung-200-ml\/"},"modified":"2025-11-25T18:43:21","modified_gmt":"2025-11-25T17:43:21","slug":"rausch-weizenkeim-naehr-spuelung-200-ml","status":"publish","type":"product","link":"https:\/\/www.hirtenberg-apotheke.at\/katalog\/produkt\/rausch-weizenkeim-naehr-spuelung-200-ml\/","title":{"rendered":"Rausch Weizenkeim N\u00e4hr-Sp\u00fclung 200 ml"},"content":{"rendered":"<p>Rausch N\u00e4hr-Sp\u00fclung umh\u00fcllt Ihr trockenes Haar mit reichhaltiger Feuchtigkeit und pflegt es mit essentiellen N\u00e4hrstoffen. Extrakte aus Weizenkeimen und Zinnkraut verleihen Ihrem Haar sp\u00fcrbar mehr Geschmeidigkeit und nat\u00fcrlichen Glanz.<\/p>\n","protected":false},"excerpt":{"rendered":"<p>Rausch N\u00e4hr-Sp\u00fclung umh\u00fcllt Ihr trockenes Haar mit reichhaltiger Feuchtigkeit und pflegt es mit essentiellen N\u00e4hrstoffen. Extrakte aus Weizenkeimen und Zinnkraut verleihen Ihrem Haar sp\u00fcrbar mehr Geschmeidigkeit und nat\u00fcrlichen Glanz.<\/p>\n","protected":false},"featured_media":19460,"template":"","meta":{"_acf_changed":false},"product_brand":[638],"product_cat":[311],"product_tag":[],"class_list":{"0":"post-19458","1":"product","2":"type-product","3":"status-publish","4":"has-post-thumbnail","6":"product_brand-rausch","7":"product_cat-r","8":"pa_packungsgroesse-200ml","10":"first","11":"instock","12":"shipping-taxable","13":"purchasable","14":"product-type-simple"},"acf":[],"_links":{"self":[{"href":"https:\/\/www.hirtenberg-apotheke.at\/katalog\/wp-json\/wp\/v2\/product\/19458","targetHints":{"allow":["GET"]}}],"collection":[{"href":"https:\/\/www.hirtenberg-apotheke.at\/katalog\/wp-json\/wp\/v2\/product"}],"about":[{"href":"https:\/\/www.hirtenberg-apotheke.at\/katalog\/wp-json\/wp\/v2\/types\/product"}],"wp:featuredmedia":[{"embeddable":true,"href":"https:\/\/www.hirtenberg-apotheke.at\/katalog\/wp-json\/wp\/v2\/media\/19460"}],"wp:attachment":[{"href":"https:\/\/www.hirtenberg-apotheke.at\/katalog\/wp-json\/wp\/v2\/media?parent=19458"}],"wp:term":[{"taxonomy":"product_brand","embeddable":true,"href":"https:\/\/www.hirtenberg-apotheke.at\/katalog\/wp-json\/wp\/v2\/product_brand?post=19458"},{"taxonomy":"product_cat","embeddable":true,"href":"https:\/\/www.hirtenberg-apotheke.at\/katalog\/wp-json\/wp\/v2\/product_cat?post=19458"},{"taxonomy":"product_tag","embeddable":true,"href":"https:\/\/www.hirtenberg-apotheke.at\/katalog\/wp-json\/wp\/v2\/product_tag?post=19458"}],"curies":[{"name":"wp","href":"https:\/\/api.w.org\/{rel}","templated":true}]}}