{"id":19465,"date":"2025-11-25T18:43:00","date_gmt":"2025-11-25T17:43:00","guid":{"rendered":"https:\/\/www.hirtenberg-apotheke.at\/katalog\/produkt\/rausch-huflattich-anti-schuppen-lotion-200-ml\/"},"modified":"2025-11-25T18:43:25","modified_gmt":"2025-11-25T17:43:25","slug":"rausch-huflattich-anti-schuppen-lotion-200-ml","status":"publish","type":"product","link":"https:\/\/www.hirtenberg-apotheke.at\/katalog\/produkt\/rausch-huflattich-anti-schuppen-lotion-200-ml\/","title":{"rendered":"Rausch Huflattich Anti-Schuppen Lotion 200 ml"},"content":{"rendered":"<p class=\"MsoNormal\">Wertvolle Extrakte aus Huflattich, Melisse und Klettenwurzelsowie dermatologischer Elementarschwefel befreien nachhaltig von trockenen undfettigen Schuppen. Mildert R\u00f6tungen und Juckreiz bei hartn\u00e4ckigenKopfhautproblemen. Mit leicht antiseptischer Wirkung. F\u00fcr f\u00fchlbar frische undgesunde Kopfhaut.<\/p>\n<p class=\"MsoNormal\">Die Wirksamkeit von Huflattich ANTI- SCHUPPEN SHAMPOO undLOTION wurde in einer klinischen Studie best\u00e4tigt.<\/p>\n<p>Nach 4-w\u00f6chiger Anwendung wurden 83% wenigerSchuppen festgestellt<\/p>\n","protected":false},"excerpt":{"rendered":"<p>Wertvolle Extrakte aus Huflattich, Melisse und Klettenwurzelsowie dermatologischer Elementarschwefel befreien nachhaltig von trockenen undfettigen Schuppen. Mildert R\u00f6tungen und Juckreiz bei hartn\u00e4ckigenKopfhautproblemen. Mit leicht antiseptischer Wirkung. F\u00fcr f\u00fchlbar frische undgesunde Kopfhaut. Die Wirksamkeit von Huflattich ANTI- SCHUPPEN SHAMPOO undLOTION wurde in einer klinischen Studie best\u00e4tigt. Nach 4-w\u00f6chiger Anwendung wurden 83% wenigerSchuppen festgestellt<\/p>\n","protected":false},"featured_media":19467,"template":"","meta":{"_acf_changed":false},"product_brand":[638],"product_cat":[311],"product_tag":[],"class_list":{"0":"post-19465","1":"product","2":"type-product","3":"status-publish","4":"has-post-thumbnail","6":"product_brand-rausch","7":"product_cat-r","8":"pa_packungsgroesse-200ml","10":"first","11":"instock","12":"shipping-taxable","13":"purchasable","14":"product-type-simple"},"acf":[],"_links":{"self":[{"href":"https:\/\/www.hirtenberg-apotheke.at\/katalog\/wp-json\/wp\/v2\/product\/19465","targetHints":{"allow":["GET"]}}],"collection":[{"href":"https:\/\/www.hirtenberg-apotheke.at\/katalog\/wp-json\/wp\/v2\/product"}],"about":[{"href":"https:\/\/www.hirtenberg-apotheke.at\/katalog\/wp-json\/wp\/v2\/types\/product"}],"wp:featuredmedia":[{"embeddable":true,"href":"https:\/\/www.hirtenberg-apotheke.at\/katalog\/wp-json\/wp\/v2\/media\/19467"}],"wp:attachment":[{"href":"https:\/\/www.hirtenberg-apotheke.at\/katalog\/wp-json\/wp\/v2\/media?parent=19465"}],"wp:term":[{"taxonomy":"product_brand","embeddable":true,"href":"https:\/\/www.hirtenberg-apotheke.at\/katalog\/wp-json\/wp\/v2\/product_brand?post=19465"},{"taxonomy":"product_cat","embeddable":true,"href":"https:\/\/www.hirtenberg-apotheke.at\/katalog\/wp-json\/wp\/v2\/product_cat?post=19465"},{"taxonomy":"product_tag","embeddable":true,"href":"https:\/\/www.hirtenberg-apotheke.at\/katalog\/wp-json\/wp\/v2\/product_tag?post=19465"}],"curies":[{"name":"wp","href":"https:\/\/api.w.org\/{rel}","templated":true}]}}