{"id":19471,"date":"2025-11-25T18:43:00","date_gmt":"2025-11-25T17:43:00","guid":{"rendered":"https:\/\/www.hirtenberg-apotheke.at\/katalog\/produkt\/phytophanere-kapseln-haarenaegel-120-stk\/"},"modified":"2025-11-25T18:43:27","modified_gmt":"2025-11-25T17:43:27","slug":"phytophanere-kapseln-haarenaegel-120-stk","status":"publish","type":"product","link":"https:\/\/www.hirtenberg-apotheke.at\/katalog\/produkt\/phytophanere-kapseln-haarenaegel-120-stk\/","title":{"rendered":"Phytophanere Kapseln Haare+N\u00e4gel 120 Stk."},"content":{"rendered":"<p>Phytophanere Kapseln Haare+N\u00e4gel spendet Kraft und Vitalit\u00e4t mit nur 2 Kapseln pro Tag. Ihre Haare und Fingern\u00e4gel werden es Ihnen danken. Die Kapseln sorgen f\u00fcr sch\u00f6neres Haar und kr\u00e4ftigere Fingern\u00e4gel.<\/p>\n","protected":false},"excerpt":{"rendered":"<p>Phytophanere Kapseln Haare+N\u00e4gel spendet Kraft und Vitalit\u00e4t mit nur 2 Kapseln pro Tag. Ihre Haare und Fingern\u00e4gel werden es Ihnen danken. Die Kapseln sorgen f\u00fcr sch\u00f6neres Haar und kr\u00e4ftigere Fingern\u00e4gel.<\/p>\n","protected":false},"featured_media":19473,"template":"","meta":{"_acf_changed":false},"product_brand":[],"product_cat":[302],"product_tag":[],"class_list":{"0":"post-19471","1":"product","2":"type-product","3":"status-publish","4":"has-post-thumbnail","6":"product_cat-p","7":"pa_packungsgroesse-120-stueck","9":"first","10":"instock","11":"shipping-taxable","12":"purchasable","13":"product-type-simple"},"acf":[],"_links":{"self":[{"href":"https:\/\/www.hirtenberg-apotheke.at\/katalog\/wp-json\/wp\/v2\/product\/19471","targetHints":{"allow":["GET"]}}],"collection":[{"href":"https:\/\/www.hirtenberg-apotheke.at\/katalog\/wp-json\/wp\/v2\/product"}],"about":[{"href":"https:\/\/www.hirtenberg-apotheke.at\/katalog\/wp-json\/wp\/v2\/types\/product"}],"wp:featuredmedia":[{"embeddable":true,"href":"https:\/\/www.hirtenberg-apotheke.at\/katalog\/wp-json\/wp\/v2\/media\/19473"}],"wp:attachment":[{"href":"https:\/\/www.hirtenberg-apotheke.at\/katalog\/wp-json\/wp\/v2\/media?parent=19471"}],"wp:term":[{"taxonomy":"product_brand","embeddable":true,"href":"https:\/\/www.hirtenberg-apotheke.at\/katalog\/wp-json\/wp\/v2\/product_brand?post=19471"},{"taxonomy":"product_cat","embeddable":true,"href":"https:\/\/www.hirtenberg-apotheke.at\/katalog\/wp-json\/wp\/v2\/product_cat?post=19471"},{"taxonomy":"product_tag","embeddable":true,"href":"https:\/\/www.hirtenberg-apotheke.at\/katalog\/wp-json\/wp\/v2\/product_tag?post=19471"}],"curies":[{"name":"wp","href":"https:\/\/api.w.org\/{rel}","templated":true}]}}