{"id":19615,"date":"2025-11-25T18:44:28","date_gmt":"2025-11-25T17:44:28","guid":{"rendered":"https:\/\/www.hirtenberg-apotheke.at\/katalog\/produkt\/dr-toeth-basen-shampoo-duschbad-licht-quanten-aktiv-200-ml\/"},"modified":"2025-11-25T18:44:46","modified_gmt":"2025-11-25T17:44:46","slug":"dr-toeth-basen-shampoo-duschbad-licht-quanten-aktiv-200-ml","status":"publish","type":"product","link":"https:\/\/www.hirtenberg-apotheke.at\/katalog\/produkt\/dr-toeth-basen-shampoo-duschbad-licht-quanten-aktiv-200-ml\/","title":{"rendered":"Dr. T\u00f6th BASEN Shampoo + Duschbad LICHT-QUANTEN-AKTIV\u00ae 200 ML"},"content":{"rendered":"<p>Dr. Ewald T\u00f6th Basen Shampoo &#038; Duschbad ist der perfekte Muntermacher mit frischer Zitrone und fr\u00f6hlich fruchtiger Litsea. Milde waschaktive Substanzen reinigen Haare und Haut sanft aber gr\u00fcndlich, pflanzliche \u00d6le erhalten die hauteigene Feuchtigkeit. F\u00fcr ein weiches, geschmeidiges Gef\u00fchl. Der basische pH-Wert unterst\u00fctzt die S\u00e4ure-Basen-Regulation und hilft der Haut ihr Gleichgewicht zu erhalten.<\/p>\n","protected":false},"excerpt":{"rendered":"<p>Dr. Ewald T\u00f6th Basen Shampoo &#038; Duschbad ist der perfekte Muntermacher mit frischer Zitrone und fr\u00f6hlich fruchtiger Litsea. Milde waschaktive Substanzen reinigen Haare und Haut sanft aber gr\u00fcndlich, pflanzliche \u00d6le erhalten die hauteigene Feuchtigkeit. F\u00fcr ein weiches, geschmeidiges Gef\u00fchl. Der basische pH-Wert unterst\u00fctzt die S\u00e4ure-Basen-Regulation und hilft der Haut ihr Gleichgewicht zu erhalten.<\/p>\n","protected":false},"featured_media":0,"template":"","meta":{"_acf_changed":false},"product_brand":[],"product_cat":[295],"product_tag":[],"class_list":{"0":"post-19615","1":"product","2":"type-product","3":"status-publish","5":"product_cat-d","6":"pa_packungsgroesse-200ml","8":"first","9":"instock","10":"shipping-taxable","11":"purchasable","12":"product-type-simple"},"acf":[],"_links":{"self":[{"href":"https:\/\/www.hirtenberg-apotheke.at\/katalog\/wp-json\/wp\/v2\/product\/19615","targetHints":{"allow":["GET"]}}],"collection":[{"href":"https:\/\/www.hirtenberg-apotheke.at\/katalog\/wp-json\/wp\/v2\/product"}],"about":[{"href":"https:\/\/www.hirtenberg-apotheke.at\/katalog\/wp-json\/wp\/v2\/types\/product"}],"wp:attachment":[{"href":"https:\/\/www.hirtenberg-apotheke.at\/katalog\/wp-json\/wp\/v2\/media?parent=19615"}],"wp:term":[{"taxonomy":"product_brand","embeddable":true,"href":"https:\/\/www.hirtenberg-apotheke.at\/katalog\/wp-json\/wp\/v2\/product_brand?post=19615"},{"taxonomy":"product_cat","embeddable":true,"href":"https:\/\/www.hirtenberg-apotheke.at\/katalog\/wp-json\/wp\/v2\/product_cat?post=19615"},{"taxonomy":"product_tag","embeddable":true,"href":"https:\/\/www.hirtenberg-apotheke.at\/katalog\/wp-json\/wp\/v2\/product_tag?post=19615"}],"curies":[{"name":"wp","href":"https:\/\/api.w.org\/{rel}","templated":true}]}}