{"id":20008,"date":"2025-11-25T18:48:21","date_gmt":"2025-11-25T17:48:21","guid":{"rendered":"https:\/\/www.hirtenberg-apotheke.at\/katalog\/produkt\/cutasept-feet-fuss-spray-250-ml\/"},"modified":"2025-11-25T18:48:33","modified_gmt":"2025-11-25T17:48:33","slug":"cutasept-feet-fuss-spray-250-ml","status":"publish","type":"product","link":"https:\/\/www.hirtenberg-apotheke.at\/katalog\/produkt\/cutasept-feet-fuss-spray-250-ml\/","title":{"rendered":"Cutasept Feet Fu\u00df-Spray 250 ml"},"content":{"rendered":"<p>Unverd\u00fcnnt auf Haut, Socken oder in die Schuhe spr\u00fchen. F\u00fcr 30 Sekunden ausreichend benetzen und trocknen lassen.<\/p>\n","protected":false},"excerpt":{"rendered":"<p>Unverd\u00fcnnt auf Haut, Socken oder in die Schuhe spr\u00fchen. F\u00fcr 30 Sekunden ausreichend benetzen und trocknen lassen.<\/p>\n","protected":false},"featured_media":20010,"template":"","meta":{"_acf_changed":false},"product_brand":[],"product_cat":[337],"product_tag":[],"class_list":{"0":"post-20008","1":"product","2":"type-product","3":"status-publish","4":"has-post-thumbnail","6":"product_cat-c","7":"pa_packungsgroesse-250ml","9":"first","10":"instock","11":"shipping-taxable","12":"purchasable","13":"product-type-simple"},"acf":[],"_links":{"self":[{"href":"https:\/\/www.hirtenberg-apotheke.at\/katalog\/wp-json\/wp\/v2\/product\/20008","targetHints":{"allow":["GET"]}}],"collection":[{"href":"https:\/\/www.hirtenberg-apotheke.at\/katalog\/wp-json\/wp\/v2\/product"}],"about":[{"href":"https:\/\/www.hirtenberg-apotheke.at\/katalog\/wp-json\/wp\/v2\/types\/product"}],"wp:featuredmedia":[{"embeddable":true,"href":"https:\/\/www.hirtenberg-apotheke.at\/katalog\/wp-json\/wp\/v2\/media\/20010"}],"wp:attachment":[{"href":"https:\/\/www.hirtenberg-apotheke.at\/katalog\/wp-json\/wp\/v2\/media?parent=20008"}],"wp:term":[{"taxonomy":"product_brand","embeddable":true,"href":"https:\/\/www.hirtenberg-apotheke.at\/katalog\/wp-json\/wp\/v2\/product_brand?post=20008"},{"taxonomy":"product_cat","embeddable":true,"href":"https:\/\/www.hirtenberg-apotheke.at\/katalog\/wp-json\/wp\/v2\/product_cat?post=20008"},{"taxonomy":"product_tag","embeddable":true,"href":"https:\/\/www.hirtenberg-apotheke.at\/katalog\/wp-json\/wp\/v2\/product_tag?post=20008"}],"curies":[{"name":"wp","href":"https:\/\/api.w.org\/{rel}","templated":true}]}}