{"id":20057,"date":"2025-11-25T18:49:02","date_gmt":"2025-11-25T17:49:02","guid":{"rendered":"https:\/\/www.hirtenberg-apotheke.at\/katalog\/produkt\/medipharma-cosmetics-olivenoel-handcreme-100-ml\/"},"modified":"2025-11-25T18:49:19","modified_gmt":"2025-11-25T17:49:19","slug":"medipharma-cosmetics-olivenoel-handcreme-100-ml","status":"publish","type":"product","link":"https:\/\/www.hirtenberg-apotheke.at\/katalog\/produkt\/medipharma-cosmetics-olivenoel-handcreme-100-ml\/","title":{"rendered":"Medipharma Cosmetics Oliven\u00f6l Handcreme 100 ml"},"content":{"rendered":"<p>Medipharma Cosmetics Oliven\u00f6l Handcreme eignet sich vor allem f\u00fcr die Pflege von trockenen, rissigen und empfindlichen H\u00e4nden. Die Creme versorgt Ihre Haut mit der Menge an Fett und Feuchtigkeit, die sie braucht. Das enthaltene toskanische Oliven\u00f6l extra vergine, sowie Avocado-, Weizenkeim- und Mandel\u00f6l sch\u00fctzen die Haut wirksam vor dem Austrocknen \u2013 eines von \u00fcber 30.000 permanent stark preisgesenkten Produkten!<\/p>\n","protected":false},"excerpt":{"rendered":"<p>Medipharma Cosmetics Oliven\u00f6l Handcreme eignet sich vor allem f\u00fcr die Pflege von trockenen, rissigen und empfindlichen H\u00e4nden. Die Creme versorgt Ihre Haut mit der Menge an Fett und Feuchtigkeit, die sie braucht. Das enthaltene toskanische Oliven\u00f6l extra vergine, sowie Avocado-, Weizenkeim- und Mandel\u00f6l sch\u00fctzen die Haut wirksam vor dem Austrocknen \u2013 eines von \u00fcber 30.000 [&hellip;]<\/p>\n","protected":false},"featured_media":20059,"template":"","meta":{"_acf_changed":false},"product_brand":[701],"product_cat":[308],"product_tag":[],"class_list":{"0":"post-20057","1":"product","2":"type-product","3":"status-publish","4":"has-post-thumbnail","6":"product_brand-olivenoel-theiss","7":"product_cat-m","8":"pa_packungsgroesse-100ml","10":"first","11":"instock","12":"shipping-taxable","13":"purchasable","14":"product-type-simple"},"acf":[],"_links":{"self":[{"href":"https:\/\/www.hirtenberg-apotheke.at\/katalog\/wp-json\/wp\/v2\/product\/20057","targetHints":{"allow":["GET"]}}],"collection":[{"href":"https:\/\/www.hirtenberg-apotheke.at\/katalog\/wp-json\/wp\/v2\/product"}],"about":[{"href":"https:\/\/www.hirtenberg-apotheke.at\/katalog\/wp-json\/wp\/v2\/types\/product"}],"wp:featuredmedia":[{"embeddable":true,"href":"https:\/\/www.hirtenberg-apotheke.at\/katalog\/wp-json\/wp\/v2\/media\/20059"}],"wp:attachment":[{"href":"https:\/\/www.hirtenberg-apotheke.at\/katalog\/wp-json\/wp\/v2\/media?parent=20057"}],"wp:term":[{"taxonomy":"product_brand","embeddable":true,"href":"https:\/\/www.hirtenberg-apotheke.at\/katalog\/wp-json\/wp\/v2\/product_brand?post=20057"},{"taxonomy":"product_cat","embeddable":true,"href":"https:\/\/www.hirtenberg-apotheke.at\/katalog\/wp-json\/wp\/v2\/product_cat?post=20057"},{"taxonomy":"product_tag","embeddable":true,"href":"https:\/\/www.hirtenberg-apotheke.at\/katalog\/wp-json\/wp\/v2\/product_tag?post=20057"}],"curies":[{"name":"wp","href":"https:\/\/api.w.org\/{rel}","templated":true}]}}