{"id":20147,"date":"2025-11-25T18:50:01","date_gmt":"2025-11-25T17:50:01","guid":{"rendered":"https:\/\/www.hirtenberg-apotheke.at\/katalog\/produkt\/gehwol-extra-fuss-pflegecreme-75-ml\/"},"modified":"2025-11-25T18:50:13","modified_gmt":"2025-11-25T17:50:13","slug":"gehwol-extra-fuss-pflegecreme-75-ml","status":"publish","type":"product","link":"https:\/\/www.hirtenberg-apotheke.at\/katalog\/produkt\/gehwol-extra-fuss-pflegecreme-75-ml\/","title":{"rendered":"Gehwol Extra Fu\u00df Pflegecreme 75 ml"},"content":{"rendered":"<p>GEHWOL EXTRA pflegt und kr\u00e4ftigt belastet F\u00fc\u00dfe intensiv. Die Fu\u00dfhaut wird desodoriert und desinfiziert. GEHWOL EXTRA verh\u00fctet Fu\u00dfbrenne, Fu\u00dfpilz, Fu\u00dfgeruch, Hornhaut, Wund- und Blasenlaufen und macht trockene, rissige Haut geschmeidig. Nat\u00fcrliche GEHWOL EXTRA \u00d6le aus Eukalyptus, Rosmarin, Lavendel und Thymian beleben die F\u00fc\u00dfe und steigern ihre Leistungsf\u00e4higkeit. GEHWOL EXTRA regt die Durchblutung an und sch\u00fctzt gegen kalte und feuchte F\u00fc\u00dfe..<\/p>\n","protected":false},"excerpt":{"rendered":"<p>GEHWOL EXTRA pflegt und kr\u00e4ftigt belastet F\u00fc\u00dfe intensiv. Die Fu\u00dfhaut wird desodoriert und desinfiziert. GEHWOL EXTRA verh\u00fctet Fu\u00dfbrenne, Fu\u00dfpilz, Fu\u00dfgeruch, Hornhaut, Wund- und Blasenlaufen und macht trockene, rissige Haut geschmeidig. Nat\u00fcrliche GEHWOL EXTRA \u00d6le aus Eukalyptus, Rosmarin, Lavendel und Thymian beleben die F\u00fc\u00dfe und steigern ihre Leistungsf\u00e4higkeit. GEHWOL EXTRA regt die Durchblutung an und sch\u00fctzt [&hellip;]<\/p>\n","protected":false},"featured_media":0,"template":"","meta":{"_acf_changed":false},"product_brand":[755],"product_cat":[328],"product_tag":[],"class_list":{"0":"post-20147","1":"product","2":"type-product","3":"status-publish","5":"product_brand-gehwol","6":"product_cat-g","7":"pa_packungsgroesse-75ml","9":"first","10":"instock","11":"shipping-taxable","12":"purchasable","13":"product-type-simple"},"acf":[],"_links":{"self":[{"href":"https:\/\/www.hirtenberg-apotheke.at\/katalog\/wp-json\/wp\/v2\/product\/20147","targetHints":{"allow":["GET"]}}],"collection":[{"href":"https:\/\/www.hirtenberg-apotheke.at\/katalog\/wp-json\/wp\/v2\/product"}],"about":[{"href":"https:\/\/www.hirtenberg-apotheke.at\/katalog\/wp-json\/wp\/v2\/types\/product"}],"wp:attachment":[{"href":"https:\/\/www.hirtenberg-apotheke.at\/katalog\/wp-json\/wp\/v2\/media?parent=20147"}],"wp:term":[{"taxonomy":"product_brand","embeddable":true,"href":"https:\/\/www.hirtenberg-apotheke.at\/katalog\/wp-json\/wp\/v2\/product_brand?post=20147"},{"taxonomy":"product_cat","embeddable":true,"href":"https:\/\/www.hirtenberg-apotheke.at\/katalog\/wp-json\/wp\/v2\/product_cat?post=20147"},{"taxonomy":"product_tag","embeddable":true,"href":"https:\/\/www.hirtenberg-apotheke.at\/katalog\/wp-json\/wp\/v2\/product_tag?post=20147"}],"curies":[{"name":"wp","href":"https:\/\/api.w.org\/{rel}","templated":true}]}}