{"id":20251,"date":"2025-11-25T18:51:02","date_gmt":"2025-11-25T17:51:02","guid":{"rendered":"https:\/\/www.hirtenberg-apotheke.at\/katalog\/produkt\/pel-pen-nagelbalsam-28-ml\/"},"modified":"2025-11-25T18:51:15","modified_gmt":"2025-11-25T17:51:15","slug":"pel-pen-nagelbalsam-28-ml","status":"publish","type":"product","link":"https:\/\/www.hirtenberg-apotheke.at\/katalog\/produkt\/pel-pen-nagelbalsam-28-ml\/","title":{"rendered":"Pel Pen Nagelbalsam 2,8 ml"},"content":{"rendered":"<p>Pel Pen Nagelbalsam 2,8 ml f\u00fcr gesunde und elastische N\u00e4gel. Der Balsam sch\u00fctzt und pflege, erh\u00f6ht den Feuchtigkeitsgehalt und trocknet rasch.<\/p>\n","protected":false},"excerpt":{"rendered":"<p>Pel Pen Nagelbalsam 2,8 ml f\u00fcr gesunde und elastische N\u00e4gel. Der Balsam sch\u00fctzt und pflege, erh\u00f6ht den Feuchtigkeitsgehalt und trocknet rasch.<\/p>\n","protected":false},"featured_media":0,"template":"","meta":{"_acf_changed":false},"product_brand":[],"product_cat":[302],"product_tag":[],"class_list":{"0":"post-20251","1":"product","2":"type-product","3":"status-publish","5":"product_cat-p","6":"pa_packungsgroesse-2ml","8":"first","9":"instock","10":"shipping-taxable","11":"purchasable","12":"product-type-simple"},"acf":[],"_links":{"self":[{"href":"https:\/\/www.hirtenberg-apotheke.at\/katalog\/wp-json\/wp\/v2\/product\/20251","targetHints":{"allow":["GET"]}}],"collection":[{"href":"https:\/\/www.hirtenberg-apotheke.at\/katalog\/wp-json\/wp\/v2\/product"}],"about":[{"href":"https:\/\/www.hirtenberg-apotheke.at\/katalog\/wp-json\/wp\/v2\/types\/product"}],"wp:attachment":[{"href":"https:\/\/www.hirtenberg-apotheke.at\/katalog\/wp-json\/wp\/v2\/media?parent=20251"}],"wp:term":[{"taxonomy":"product_brand","embeddable":true,"href":"https:\/\/www.hirtenberg-apotheke.at\/katalog\/wp-json\/wp\/v2\/product_brand?post=20251"},{"taxonomy":"product_cat","embeddable":true,"href":"https:\/\/www.hirtenberg-apotheke.at\/katalog\/wp-json\/wp\/v2\/product_cat?post=20251"},{"taxonomy":"product_tag","embeddable":true,"href":"https:\/\/www.hirtenberg-apotheke.at\/katalog\/wp-json\/wp\/v2\/product_tag?post=20251"}],"curies":[{"name":"wp","href":"https:\/\/api.w.org\/{rel}","templated":true}]}}